Last updated on 2025-11-13 03:51:07 CET.
| Flavor | Version | Tinstall | Tcheck | Ttotal | Status | Flags |
|---|---|---|---|---|---|---|
| r-devel-linux-x86_64-debian-clang | 0.1.4 | 24.89 | 329.59 | 354.48 | OK | |
| r-devel-linux-x86_64-debian-gcc | 0.1.4 | 16.15 | 219.97 | 236.12 | OK | |
| r-devel-linux-x86_64-fedora-clang | 0.1.4 | 51.00 | 500.38 | 551.38 | OK | |
| r-devel-linux-x86_64-fedora-gcc | 0.1.4 | 42.00 | 503.00 | 545.00 | OK | |
| r-devel-windows-x86_64 | 0.1.4 | 24.00 | 298.00 | 322.00 | OK | |
| r-patched-linux-x86_64 | 0.1.4 | 21.51 | 312.63 | 334.14 | OK | |
| r-release-linux-x86_64 | 0.1.4 | 20.44 | 315.76 | 336.20 | OK | |
| r-release-macos-arm64 | 0.1.4 | 9.00 | 95.00 | 104.00 | OK | |
| r-release-macos-x86_64 | 0.1.4 | 23.00 | 245.00 | 268.00 | OK | |
| r-release-windows-x86_64 | 0.1.4 | 24.00 | 291.00 | 315.00 | OK | |
| r-oldrel-macos-arm64 | 0.1.4 | 14.00 | 161.00 | 175.00 | OK | |
| r-oldrel-macos-x86_64 | 0.1.4 | 11.00 | ERROR | |||
| r-oldrel-windows-x86_64 | 0.1.4 | 34.00 | 391.00 | 425.00 | OK |
Version: 0.1.4
Check: package dependencies
Result: ERROR
Packages required but not available: 'pwalign', 'QSutils'
See section ‘The DESCRIPTION file’ in the ‘Writing R Extensions’
manual.
Flavor: r-oldrel-macos-x86_64
These binaries (installable software) and packages are in development.
They may not be fully stable and should be used with caution. We make no claims about them.