Last updated on 2025-07-25 13:50:24 CEST.
Flavor | Version | Tinstall | Tcheck | Ttotal | Status | Flags |
---|---|---|---|---|---|---|
r-devel-linux-x86_64-debian-clang | 0.1.3 | 22.16 | 316.37 | 338.53 | OK | |
r-devel-linux-x86_64-debian-gcc | 0.1.3 | 14.91 | 205.70 | 220.61 | OK | |
r-devel-linux-x86_64-fedora-clang | 0.1.3 | 524.06 | OK | |||
r-devel-linux-x86_64-fedora-gcc | 0.1.3 | 553.84 | OK | |||
r-devel-windows-x86_64 | 0.1.3 | 23.00 | 293.00 | 316.00 | OK | |
r-patched-linux-x86_64 | 0.1.3 | 20.46 | 299.74 | 320.20 | OK | |
r-release-linux-x86_64 | 0.1.3 | 21.83 | 301.53 | 323.36 | OK | |
r-release-macos-arm64 | 0.1.3 | 142.00 | OK | |||
r-release-macos-x86_64 | 0.1.3 | 290.00 | OK | |||
r-release-windows-x86_64 | 0.1.3 | 22.00 | 295.00 | 317.00 | OK | |
r-oldrel-macos-arm64 | 0.1.3 | 102.00 | OK | |||
r-oldrel-macos-x86_64 | 0.1.3 | 11.00 | ERROR | |||
r-oldrel-windows-x86_64 | 0.1.3 | 31.00 | 374.00 | 405.00 | OK |
Version: 0.1.3
Check: package dependencies
Result: ERROR
Package required but not available: ‘QSutils’
See section ‘The DESCRIPTION file’ in the ‘Writing R Extensions’
manual.
Flavor: r-oldrel-macos-x86_64
These binaries (installable software) and packages are in development.
They may not be fully stable and should be used with caution. We make no claims about them.