CRAN Package Check Results for Package longurl

Last updated on 2025-05-01 14:49:14 CEST.

Flavor Version Tinstall Tcheck Ttotal Status Flags
r-devel-linux-x86_64-debian-clang 0.3.3 1.71 19.09 20.80 NOTE
r-devel-linux-x86_64-debian-gcc 0.3.3 1.29 15.34 16.63 OK
r-devel-linux-x86_64-fedora-clang 0.3.3 30.71 OK
r-devel-linux-x86_64-fedora-gcc 0.3.3 29.37 OK
r-devel-windows-x86_64 0.3.3 3.00 52.00 55.00 OK
r-patched-linux-x86_64 0.3.3 1.77 18.40 20.17 OK
r-release-linux-x86_64 OK
r-release-macos-arm64 0.3.3 42.00 OK
r-release-macos-x86_64 0.3.3 47.00 OK
r-release-windows-x86_64 0.3.3 3.00 56.00 59.00 OK
r-oldrel-macos-arm64 0.3.3 48.00 NOTE
r-oldrel-macos-x86_64 0.3.3 50.00 NOTE
r-oldrel-windows-x86_64 0.3.3 3.00 47.00 50.00 NOTE

Check Details

Version: 0.3.3
Check: examples
Result: NOTE Examples with CPU (user + system) or elapsed time > 5s user system elapsed expand_urls 0.634 0.039 5.881 Flavor: r-devel-linux-x86_64-debian-clang

Version: 0.3.3
Check: LazyData
Result: NOTE 'LazyData' is specified without a 'data' directory Flavors: r-oldrel-macos-arm64, r-oldrel-macos-x86_64, r-oldrel-windows-x86_64

These binaries (installable software) and packages are in development.
They may not be fully stable and should be used with caution. We make no claims about them.