Last updated on 2025-05-23 01:51:01 CEST.
Flavor | Version | Tinstall | Tcheck | Ttotal | Status | Flags |
---|---|---|---|---|---|---|
r-devel-linux-x86_64-debian-clang | 1.4.1 | 19.01 | 205.54 | 224.55 | NOTE | |
r-devel-linux-x86_64-debian-gcc | 1.4.1 | 15.56 | 153.42 | 168.98 | NOTE | |
r-devel-linux-x86_64-fedora-clang | 1.4.1 | 376.44 | NOTE | |||
r-devel-linux-x86_64-fedora-gcc | 1.4.1 | 384.23 | NOTE | |||
r-devel-windows-x86_64 | 1.4.1 | 26.00 | 471.00 | 497.00 | NOTE | |
r-patched-linux-x86_64 | 1.4.1 | 24.30 | 196.71 | 221.01 | NOTE | |
r-release-linux-x86_64 | 1.4.1 | 19.69 | 195.85 | 215.54 | NOTE | |
r-release-macos-arm64 | 1.4.1 | 300.00 | NOTE | |||
r-release-macos-x86_64 | 1.4.1 | 295.00 | NOTE | |||
r-release-windows-x86_64 | 1.4.1 | 22.00 | 441.00 | 463.00 | NOTE | |
r-oldrel-macos-arm64 | 1.4.1 | 176.00 | NOTE | |||
r-oldrel-macos-x86_64 | 1.4.1 | 190.00 | NOTE | |||
r-oldrel-windows-x86_64 | 1.4.1 | 27.00 | 337.00 | 364.00 | NOTE |
Version: 1.4.1
Check: Rd files
Result: NOTE
checkRd: (-1) l_binCut.Rd:30: Lost braces
30 | when 'code{labels = FALSE}, the default \code{active} is \code{-1}; and when \code{labels} is a vector of length equal
| ^
Flavors: r-devel-linux-x86_64-debian-clang, r-devel-linux-x86_64-debian-gcc, r-devel-linux-x86_64-fedora-clang, r-devel-linux-x86_64-fedora-gcc, r-devel-windows-x86_64, r-patched-linux-x86_64, r-release-linux-x86_64, r-release-macos-arm64, r-release-macos-x86_64, r-release-windows-x86_64, r-oldrel-macos-arm64, r-oldrel-macos-x86_64, r-oldrel-windows-x86_64
These binaries (installable software) and packages are in development.
They may not be fully stable and should be used with caution. We make no claims about them.