Last updated on 2025-02-16 08:50:51 CET.
Flavor | Version | Tinstall | Tcheck | Ttotal | Status | Flags |
---|---|---|---|---|---|---|
r-devel-linux-x86_64-debian-clang | 1.4.1 | 20.70 | 201.81 | 222.51 | NOTE | |
r-devel-linux-x86_64-debian-gcc | 1.4.1 | 14.32 | 147.66 | 161.98 | NOTE | |
r-devel-linux-x86_64-fedora-clang | 1.4.1 | 376.96 | NOTE | |||
r-devel-linux-x86_64-fedora-gcc | 1.4.1 | 371.20 | NOTE | |||
r-devel-macos-arm64 | 1.4.1 | 229.00 | NOTE | |||
r-devel-macos-x86_64 | 1.4.1 | 291.00 | NOTE | |||
r-devel-windows-x86_64 | 1.4.1 | 21.00 | 373.00 | 394.00 | NOTE | |
r-patched-linux-x86_64 | 1.4.1 | 25.99 | 189.10 | 215.09 | NOTE | |
r-release-linux-x86_64 | 1.4.1 | 19.24 | 190.64 | 209.88 | NOTE | |
r-release-macos-arm64 | 1.4.1 | 176.00 | NOTE | |||
r-release-macos-x86_64 | 1.4.1 | 190.00 | NOTE | |||
r-release-windows-x86_64 | 1.4.1 | 24.00 | 374.00 | 398.00 | NOTE | |
r-oldrel-macos-arm64 | 1.4.1 | 170.00 | NOTE | |||
r-oldrel-macos-x86_64 | 1.4.1 | 370.00 | NOTE | |||
r-oldrel-windows-x86_64 | 1.4.1 | 25.00 | 396.00 | 421.00 | OK |
Version: 1.4.1
Check: Rd files
Result: NOTE
checkRd: (-1) l_binCut.Rd:30: Lost braces
30 | when 'code{labels = FALSE}, the default \code{active} is \code{-1}; and when \code{labels} is a vector of length equal
| ^
Flavors: r-devel-linux-x86_64-debian-clang, r-devel-linux-x86_64-debian-gcc, r-devel-linux-x86_64-fedora-clang, r-devel-linux-x86_64-fedora-gcc, r-devel-macos-arm64, r-devel-macos-x86_64, r-devel-windows-x86_64, r-patched-linux-x86_64, r-release-linux-x86_64, r-release-macos-arm64, r-release-macos-x86_64, r-release-windows-x86_64
Version: 1.4.1
Check: package dependencies
Result: NOTE
Package suggested but not available for checking: ‘RDRToolbox’
Flavors: r-oldrel-macos-arm64, r-oldrel-macos-x86_64
These binaries (installable software) and packages are in development.
They may not be fully stable and should be used with caution. We make no claims about them.