Last updated on 2025-10-25 05:50:06 CEST.
| Flavor | Version | Tinstall | Tcheck | Ttotal | Status | Flags |
|---|---|---|---|---|---|---|
| r-devel-linux-x86_64-debian-clang | 0.1.4 | 10.96 | 132.62 | 143.58 | NOTE | |
| r-devel-linux-x86_64-debian-gcc | 0.1.4 | 8.50 | 105.46 | 113.96 | NOTE | |
| r-devel-linux-x86_64-fedora-clang | 0.1.4 | 59.00 | 182.74 | 241.74 | OK | |
| r-devel-linux-x86_64-fedora-gcc | 0.1.4 | 22.00 | 213.84 | 235.84 | OK | |
| r-devel-windows-x86_64 | 0.1.4 | 12.00 | 164.00 | 176.00 | NOTE | |
| r-patched-linux-x86_64 | 0.1.4 | 11.10 | 127.14 | 138.24 | NOTE | |
| r-release-linux-x86_64 | 0.1.4 | 10.61 | 126.25 | 136.86 | NOTE | |
| r-release-macos-arm64 | 0.1.4 | 8.00 | 98.00 | 106.00 | OK | |
| r-release-macos-x86_64 | 0.1.4 | 10.00 | 145.00 | 155.00 | OK | |
| r-release-windows-x86_64 | 0.1.4 | 16.00 | 140.00 | 156.00 | NOTE | |
| r-oldrel-macos-arm64 | 0.1.4 | 8.00 | 100.00 | 108.00 | OK | |
| r-oldrel-macos-x86_64 | 0.1.4 | 10.00 | 150.00 | 160.00 | OK | |
| r-oldrel-windows-x86_64 | 0.1.4 | 17.00 | 158.00 | 175.00 | OK |
Version: 0.1.4
Check: Rd cross-references
Result: NOTE
Found the following Rd file(s) with Rd \link{} targets missing package
anchors:
l_tour.Rd: grand_tour, dependence_tour, frozen_tour, guided_tour,
planned_tour
tour_pairs.Rd: l_pairs
Please provide package anchors for all Rd \link{} targets not in the
package itself and the base packages.
Flavors: r-devel-linux-x86_64-debian-clang, r-devel-linux-x86_64-debian-gcc, r-devel-windows-x86_64, r-patched-linux-x86_64, r-release-linux-x86_64, r-release-windows-x86_64
These binaries (installable software) and packages are in development.
They may not be fully stable and should be used with caution. We make no claims about them.