Last updated on 2025-02-16 08:50:51 CET.
Flavor | Version | Tinstall | Tcheck | Ttotal | Status | Flags |
---|---|---|---|---|---|---|
r-devel-linux-x86_64-debian-clang | 0.1.4 | 8.97 | 107.02 | 115.99 | NOTE | |
r-devel-linux-x86_64-debian-gcc | 0.1.4 | 7.31 | 79.03 | 86.34 | NOTE | |
r-devel-linux-x86_64-fedora-clang | 0.1.4 | 198.23 | OK | |||
r-devel-linux-x86_64-fedora-gcc | 0.1.4 | 215.24 | OK | |||
r-devel-macos-arm64 | 0.1.4 | 95.00 | OK | |||
r-devel-macos-x86_64 | 0.1.4 | 155.00 | OK | |||
r-devel-windows-x86_64 | 0.1.4 | 9.00 | 133.00 | 142.00 | NOTE | |
r-patched-linux-x86_64 | 0.1.4 | 15.21 | 101.15 | 116.36 | OK | |
r-release-linux-x86_64 | 0.1.4 | 9.46 | 100.66 | 110.12 | OK | |
r-release-macos-arm64 | 0.1.4 | 108.00 | OK | |||
r-release-macos-x86_64 | 0.1.4 | 160.00 | OK | |||
r-release-windows-x86_64 | 0.1.4 | 10.00 | 128.00 | 138.00 | OK | |
r-oldrel-macos-arm64 | 0.1.4 | 73.00 | OK | |||
r-oldrel-macos-x86_64 | 0.1.4 | 179.00 | OK | |||
r-oldrel-windows-x86_64 | 0.1.4 | 11.00 | 131.00 | 142.00 | OK |
Version: 0.1.4
Check: Rd cross-references
Result: NOTE
Found the following Rd file(s) with Rd \link{} targets missing package
anchors:
l_tour.Rd: grand_tour, dependence_tour, frozen_tour, guided_tour,
planned_tour
tour_pairs.Rd: l_pairs
Please provide package anchors for all Rd \link{} targets not in the
package itself and the base packages.
Flavors: r-devel-linux-x86_64-debian-clang, r-devel-linux-x86_64-debian-gcc, r-devel-windows-x86_64
These binaries (installable software) and packages are in development.
They may not be fully stable and should be used with caution. We make no claims about them.