CRAN Package Check Results for Package lorec

Last updated on 2025-02-16 08:50:51 CET.

Flavor Version Tinstall Tcheck Ttotal Status Flags
r-devel-linux-x86_64-debian-clang 0.6.1 2.62 15.75 18.37 NOTE
r-devel-linux-x86_64-debian-gcc 0.6.1 1.99 13.08 15.07 NOTE
r-devel-linux-x86_64-fedora-clang 0.6.1 32.02 NOTE
r-devel-linux-x86_64-fedora-gcc 0.6.1 30.03 NOTE
r-devel-macos-arm64 0.6.1 15.00 NOTE
r-devel-macos-x86_64 0.6.1 27.00 NOTE
r-devel-windows-x86_64 0.6.1 5.00 43.00 48.00 NOTE
r-patched-linux-x86_64 0.6.1 2.39 15.24 17.63 NOTE
r-release-linux-x86_64 0.6.1 2.30 15.12 17.42 NOTE
r-release-macos-arm64 0.6.1 15.00 NOTE
r-release-macos-x86_64 0.6.1 21.00 NOTE
r-release-windows-x86_64 0.6.1 6.00 44.00 50.00 NOTE
r-oldrel-macos-arm64 0.6.1 17.00 NOTE
r-oldrel-macos-x86_64 0.6.1 21.00 NOTE
r-oldrel-windows-x86_64 0.6.1 5.00 45.00 50.00 NOTE

Check Details

Version: 0.6.1
Check: DESCRIPTION meta-information
Result: NOTE Malformed Description field: should contain one or more complete sentences. Flavors: r-devel-linux-x86_64-debian-clang, r-devel-linux-x86_64-debian-gcc, r-devel-linux-x86_64-fedora-clang, r-devel-linux-x86_64-fedora-gcc, r-devel-macos-arm64, r-devel-macos-x86_64, r-devel-windows-x86_64, r-patched-linux-x86_64, r-release-linux-x86_64, r-release-macos-arm64, r-release-macos-x86_64, r-release-windows-x86_64, r-oldrel-macos-arm64, r-oldrel-macos-x86_64, r-oldrel-windows-x86_64

Version: 0.6.1
Check: compiled code
Result: NOTE File ‘lorec/libs/lorec.so’: Found no calls to: ‘R_registerRoutines’, ‘R_useDynamicSymbols’ It is good practice to register native routines and to disable symbol search. See ‘Writing portable packages’ in the ‘Writing R Extensions’ manual. Flavors: r-devel-linux-x86_64-fedora-clang, r-devel-linux-x86_64-fedora-gcc

Version: 0.6.1
Check: package dependencies
Result: NOTE Package suggested but not available for checking: ‘scio’ Flavors: r-patched-linux-x86_64, r-release-linux-x86_64, r-release-macos-arm64, r-release-macos-x86_64, r-release-windows-x86_64, r-oldrel-macos-arm64, r-oldrel-macos-x86_64, r-oldrel-windows-x86_64

These binaries (installable software) and packages are in development.
They may not be fully stable and should be used with caution. We make no claims about them.