Last updated on 2025-02-19 16:50:52 CET.
Flavor | Version | Tinstall | Tcheck | Ttotal | Status | Flags |
---|---|---|---|---|---|---|
r-devel-linux-x86_64-debian-clang | 0.1.0 | 2.13 | 20.23 | 22.36 | OK | |
r-devel-linux-x86_64-debian-gcc | 0.1.0 | 1.77 | 15.98 | 17.75 | OK | |
r-devel-linux-x86_64-fedora-clang | 0.1.0 | 36.86 | OK | |||
r-devel-linux-x86_64-fedora-gcc | 0.1.0 | 35.35 | OK | |||
r-devel-macos-arm64 | 0.1.0 | 19.00 | OK | |||
r-devel-macos-x86_64 | 0.1.0 | 26.00 | OK | |||
r-devel-windows-x86_64 | 0.1.0 | 4.00 | 42.00 | 46.00 | OK | |
r-patched-linux-x86_64 | 0.1.0 | 2.53 | 19.58 | 22.11 | NOTE | |
r-release-linux-x86_64 | 0.1.0 | 1.64 | 19.75 | 21.39 | NOTE | |
r-release-macos-arm64 | 0.1.0 | 16.00 | NOTE | |||
r-release-macos-x86_64 | 0.1.0 | 23.00 | NOTE | |||
r-release-windows-x86_64 | 0.1.0 | 3.00 | 41.00 | 44.00 | NOTE | |
r-oldrel-macos-arm64 | 0.1.0 | 18.00 | NOTE | |||
r-oldrel-macos-x86_64 | 0.1.0 | 22.00 | NOTE | |||
r-oldrel-windows-x86_64 | 0.1.0 | 5.00 | 47.00 | 52.00 | NOTE |
Version: 0.1.0
Check: LazyData
Result: NOTE
'LazyData' is specified without a 'data' directory
Flavors: r-patched-linux-x86_64, r-release-linux-x86_64, r-release-macos-arm64, r-release-macos-x86_64, r-release-windows-x86_64, r-oldrel-macos-arm64, r-oldrel-macos-x86_64, r-oldrel-windows-x86_64
These binaries (installable software) and packages are in development.
They may not be fully stable and should be used with caution. We make no claims about them.