CRAN Package Check Results for Package lpacf

Last updated on 2025-02-07 05:50:42 CET.

Flavor Version Tinstall Tcheck Ttotal Status Flags
r-devel-linux-x86_64-debian-clang 1.0.1 3.70 32.08 35.78 NOTE
r-devel-linux-x86_64-debian-gcc 1.0.1 2.54 24.39 26.93 NOTE
r-devel-linux-x86_64-fedora-clang 1.0.1 57.85 OK
r-devel-linux-x86_64-fedora-gcc 1.0.1 53.47 OK
r-devel-windows-x86_64 1.0.1 5.00 56.00 61.00 NOTE
r-patched-linux-x86_64 1.0.1 7.58 30.22 37.80 OK
r-release-linux-x86_64 1.0.1 3.00 30.33 33.33 OK
r-release-macos-arm64 1.0.1 22.00 OK
r-release-macos-x86_64 1.0.1 30.00 OK
r-release-windows-x86_64 1.0.1 4.00 52.00 56.00 OK
r-oldrel-macos-arm64 1.0.1 23.00 OK
r-oldrel-macos-x86_64 1.0.1 52.00 OK
r-oldrel-windows-x86_64 1.0.1 5.00 55.00 60.00 OK

Check Details

Version: 1.0.1
Check: Rd cross-references
Result: NOTE Found the following Rd file(s) with Rd \link{} targets missing package anchors: lpacf.Epan.Rd: plot.lacf lpacf.Rd: plot.lacf summary.lpacf.Rd: print.lacf Please provide package anchors for all Rd \link{} targets not in the package itself and the base packages. Flavors: r-devel-linux-x86_64-debian-clang, r-devel-linux-x86_64-debian-gcc, r-devel-windows-x86_64

These binaries (installable software) and packages are in development.
They may not be fully stable and should be used with caution. We make no claims about them.