CRAN Package Check Results for Package lpc

Last updated on 2025-05-29 17:59:01 CEST.

Flavor Version Tinstall Tcheck Ttotal Status Flags
r-devel-linux-x86_64-debian-clang 1.0.2.1 2.40 24.58 26.98 NOTE
r-devel-linux-x86_64-debian-gcc 1.0.2.1 1.62 18.91 20.53 NOTE
r-devel-linux-x86_64-fedora-clang 1.0.2.1 43.36 OK
r-devel-linux-x86_64-fedora-gcc 1.0.2.1 40.16 OK
r-devel-windows-x86_64 1.0.2.1 5.00 46.00 51.00 OK
r-patched-linux-x86_64 1.0.2.1 2.91 23.15 26.06 OK
r-release-linux-x86_64 1.0.2.1 1.96 23.00 24.96 OK
r-release-macos-arm64 1.0.2.1 19.00 OK
r-release-macos-x86_64 1.0.2.1 29.00 OK
r-release-windows-x86_64 1.0.2.1 3.00 54.00 57.00 OK
r-oldrel-macos-arm64 1.0.2.1 18.00 OK
r-oldrel-macos-x86_64 1.0.2.1 24.00 OK
r-oldrel-windows-x86_64 1.0.2.1 3.00 44.00 47.00 OK

Check Details

Version: 1.0.2.1
Check: CRAN incoming feasibility
Result: NOTE Maintainer: ‘Daniela M Witten <dwitten@uw.edu>’ No Authors@R field in DESCRIPTION. Please add one, modifying Authors@R: c(person(given = c("Daniela", "M"), family = "Witten", role = c("aut", "cre"), email = "dwitten@uw.edu"), person(given = "Robert", family = "Tibshirani", role = "aut")) as necessary. Flavors: r-devel-linux-x86_64-debian-clang, r-devel-linux-x86_64-debian-gcc

These binaries (installable software) and packages are in development.
They may not be fully stable and should be used with caution. We make no claims about them.