Last updated on 2025-05-08 04:52:09 CEST.
Flavor | Version | Tinstall | Tcheck | Ttotal | Status | Flags |
---|---|---|---|---|---|---|
r-devel-linux-x86_64-debian-clang | 2.1 | 1.81 | 20.39 | 22.20 | NOTE | |
r-devel-linux-x86_64-debian-gcc | 2.1 | 1.39 | 16.13 | 17.52 | NOTE | |
r-devel-linux-x86_64-fedora-clang | 2.1 | 34.67 | OK | |||
r-devel-linux-x86_64-fedora-gcc | 2.1 | 34.05 | OK | |||
r-devel-windows-x86_64 | 2.1 | 2.00 | 46.00 | 48.00 | OK | |
r-patched-linux-x86_64 | 2.1 | 1.94 | 19.54 | 21.48 | OK | |
r-release-linux-x86_64 | 2.1 | 1.71 | 19.56 | 21.27 | OK | |
r-release-macos-arm64 | 2.1 | 17.00 | OK | |||
r-release-macos-x86_64 | 2.1 | 25.00 | OK | |||
r-release-windows-x86_64 | 2.1 | 3.00 | 54.00 | 57.00 | OK | |
r-oldrel-macos-arm64 | 2.1 | 16.00 | OK | |||
r-oldrel-macos-x86_64 | 2.1 | 23.00 | OK | |||
r-oldrel-windows-x86_64 | 2.1 | 3.00 | 45.00 | 48.00 | OK |
Version: 2.1
Check: CRAN incoming feasibility
Result: NOTE
Maintainer: ‘Feng Chen <feng.chen@unsw.edu.au>’
No Authors@R field in DESCRIPTION.
Please add one, modifying
Authors@R: person(given = "Feng",
family = "Chen",
role = c("aut", "cre"),
email = "feng.chen@unsw.edu.au")
as necessary.
Package CITATION file contains call(s) to old-style citEntry(). Please
use bibentry() instead.
Flavors: r-devel-linux-x86_64-debian-clang, r-devel-linux-x86_64-debian-gcc
These binaries (installable software) and packages are in development.
They may not be fully stable and should be used with caution. We make no claims about them.