Last updated on 2025-05-08 04:52:09 CEST.
Flavor | Version | Tinstall | Tcheck | Ttotal | Status | Flags |
---|---|---|---|---|---|---|
r-devel-linux-x86_64-debian-clang | 0.2.4 | 93.73 | 175.46 | 269.19 | OK | |
r-devel-linux-x86_64-debian-gcc | 0.2.4 | 64.74 | 118.87 | 183.61 | OK | |
r-devel-linux-x86_64-fedora-clang | 0.2.4 | 494.81 | OK | |||
r-devel-linux-x86_64-fedora-gcc | 0.2.4 | 468.62 | OK | |||
r-devel-windows-x86_64 | 0.2.4 | 106.00 | 294.00 | 400.00 | OK | |
r-patched-linux-x86_64 | 0.2.4 | 90.70 | 162.04 | 252.74 | OK | |
r-release-linux-x86_64 | 0.2.4 | 82.75 | 163.60 | 246.35 | OK | |
r-release-macos-arm64 | 0.2.4 | 196.00 | OK | |||
r-release-macos-x86_64 | 0.2.4 | 261.00 | OK | |||
r-release-windows-x86_64 | 0.2.4 | 102.00 | 274.00 | 376.00 | OK | |
r-oldrel-macos-arm64 | 0.2.4 | 152.00 | NOTE | |||
r-oldrel-macos-x86_64 | 0.2.4 | 259.00 | NOTE | |||
r-oldrel-windows-x86_64 | 0.2.4 | 120.00 | 363.00 | 483.00 | OK |
Version: 0.2.4
Check: installed package size
Result: NOTE
installed size is 5.1Mb
sub-directories of 1Mb or more:
libs 3.8Mb
Flavors: r-oldrel-macos-arm64, r-oldrel-macos-x86_64
These binaries (installable software) and packages are in development.
They may not be fully stable and should be used with caution. We make no claims about them.