Last updated on 2025-02-23 11:51:09 CET.
Flavor | Version | Tinstall | Tcheck | Ttotal | Status | Flags |
---|---|---|---|---|---|---|
r-devel-linux-x86_64-debian-clang | 0.11 | 6.93 | 57.20 | 64.13 | NOTE | |
r-devel-linux-x86_64-debian-gcc | 0.11 | 4.61 | 41.43 | 46.04 | NOTE | |
r-devel-linux-x86_64-fedora-clang | 0.11 | 100.08 | OK | |||
r-devel-linux-x86_64-fedora-gcc | 0.11 | 98.05 | OK | |||
r-devel-macos-arm64 | 0.11 | 30.00 | OK | |||
r-devel-macos-x86_64 | 0.11 | 56.00 | OK | |||
r-devel-windows-x86_64 | 0.11 | 8.00 | 69.00 | 77.00 | NOTE | |
r-patched-linux-x86_64 | 0.11 | 7.51 | 53.96 | 61.47 | OK | |
r-release-linux-x86_64 | 0.11 | 7.17 | 56.35 | 63.52 | OK | |
r-release-macos-arm64 | 0.11 | 30.00 | OK | |||
r-release-macos-x86_64 | 0.11 | 45.00 | OK | |||
r-release-windows-x86_64 | 0.11 | 8.00 | 71.00 | 79.00 | OK | |
r-oldrel-macos-arm64 | 0.11 | 32.00 | OK | |||
r-oldrel-macos-x86_64 | 0.11 | 56.00 | OK | |||
r-oldrel-windows-x86_64 | 0.11 | 7.00 | 81.00 | 88.00 | OK |
Version: 0.11
Check: Rd cross-references
Result: NOTE
Found the following Rd file(s) with Rd \link{} targets missing package
anchors:
lplb.Rd: coxph
lple.Rd: coxph
predict.lple.Rd: predict.coxph
survfit.lple.Rd: survfit
Please provide package anchors for all Rd \link{} targets not in the
package itself and the base packages.
Flavors: r-devel-linux-x86_64-debian-clang, r-devel-linux-x86_64-debian-gcc, r-devel-windows-x86_64
These binaries (installable software) and packages are in development.
They may not be fully stable and should be used with caution. We make no claims about them.