Last updated on 2025-05-23 01:51:01 CEST.
Flavor | Version | Tinstall | Tcheck | Ttotal | Status | Flags |
---|---|---|---|---|---|---|
r-devel-linux-x86_64-debian-clang | 1.5.8 | 6.69 | 43.05 | 49.74 | NOTE | |
r-devel-linux-x86_64-debian-gcc | 1.5.8 | 4.39 | 31.20 | 35.59 | NOTE | |
r-devel-linux-x86_64-fedora-clang | 1.5.8 | 77.16 | OK | |||
r-devel-linux-x86_64-fedora-gcc | 1.5.8 | 75.33 | OK | |||
r-devel-windows-x86_64 | 1.5.8 | 10.00 | 152.00 | 162.00 | OK | |
r-patched-linux-x86_64 | 1.5.8 | 6.85 | 40.98 | 47.83 | OK | |
r-release-linux-x86_64 | 1.5.8 | 5.90 | 40.51 | 46.41 | OK | |
r-release-macos-arm64 | 1.5.8 | 29.00 | OK | |||
r-release-macos-x86_64 | 1.5.8 | 56.00 | OK | |||
r-release-windows-x86_64 | 1.5.8 | 10.00 | 135.00 | 145.00 | OK | |
r-oldrel-macos-arm64 | 1.5.8 | 26.00 | OK | |||
r-oldrel-macos-x86_64 | 1.5.8 | 62.00 | OK | |||
r-oldrel-windows-x86_64 | 1.5.8 | 12.00 | 88.00 | 100.00 | OK |
Version: 1.5.8
Check: CRAN incoming feasibility
Result: NOTE
Maintainer: ‘Marco Geraci <marco.geraci@uniroma1.it>’
No Authors@R field in DESCRIPTION.
Please add one, modifying
Authors@R: person(given = "Marco",
family = "Geraci",
role = c("aut", "cre"),
email = "marco.geraci@uniroma1.it")
as necessary.
Package CITATION file contains call(s) to old-style personList() or
as.personList(). Please use c() on person objects instead.
Package CITATION file contains call(s) to old-style citEntry(). Please
use bibentry() instead.
Flavors: r-devel-linux-x86_64-debian-clang, r-devel-linux-x86_64-debian-gcc
These binaries (installable software) and packages are in development.
They may not be fully stable and should be used with caution. We make no claims about them.