CRAN Package Check Results for Package lrd

Last updated on 2025-11-17 03:49:47 CET.

Flavor Version Tinstall Tcheck Ttotal Status Flags
r-devel-linux-x86_64-debian-clang 0.1.0 2.80 47.87 50.67 OK
r-devel-linux-x86_64-debian-gcc 0.1.0 2.20 38.35 40.55 OK
r-devel-linux-x86_64-fedora-clang 0.1.0 77.62 NOTE
r-devel-linux-x86_64-fedora-gcc 0.1.0 88.91 NOTE
r-devel-windows-x86_64 0.1.0 5.00 66.00 71.00 OK
r-patched-linux-x86_64 0.1.0 2.88 45.25 48.13 OK
r-release-linux-x86_64 0.1.0 2.65 44.71 47.36 OK
r-release-macos-arm64 0.1.0 2.00 53.00 55.00 OK
r-release-macos-x86_64 0.1.0 2.00 55.00 57.00 OK
r-release-windows-x86_64 0.1.0 4.00 67.00 71.00 OK
r-oldrel-macos-arm64 0.1.0 1.00 31.00 32.00 OK
r-oldrel-macos-x86_64 0.1.0 3.00 44.00 47.00 OK
r-oldrel-windows-x86_64 0.1.0 5.00 77.00 82.00 OK

Check Details

Version: 0.1.0
Check: dependencies in R code
Result: NOTE Namespace in Imports field not imported from: ‘knitr’ All declared Imports should be used. Flavors: r-devel-linux-x86_64-fedora-clang, r-devel-linux-x86_64-fedora-gcc

These binaries (installable software) and packages are in development.
They may not be fully stable and should be used with caution. We make no claims about them.