CRAN Package Check Results for Package lrequire

Last updated on 2025-02-16 08:50:51 CET.

Flavor Version Tinstall Tcheck Ttotal Status Flags
r-devel-linux-x86_64-debian-clang 0.1.3 1.82 18.38 20.20 OK
r-devel-linux-x86_64-debian-gcc 0.1.3 1.25 15.23 16.48 OK
r-devel-linux-x86_64-fedora-clang 0.1.3 33.34 OK
r-devel-linux-x86_64-fedora-gcc 0.1.3 31.22 OK
r-devel-macos-arm64 0.1.3 17.00 OK
r-devel-macos-x86_64 0.1.3 25.00 OK
r-devel-windows-x86_64 0.1.3 3.00 52.00 55.00 OK
r-patched-linux-x86_64 0.1.3 1.61 17.73 19.34 NOTE
r-release-linux-x86_64 0.1.3 1.61 17.73 19.34 NOTE
r-release-macos-arm64 0.1.3 16.00 NOTE
r-release-macos-x86_64 0.1.3 22.00 NOTE
r-release-windows-x86_64 0.1.3 2.00 46.00 48.00 NOTE
r-oldrel-macos-arm64 0.1.3 16.00 NOTE
r-oldrel-macos-x86_64 0.1.3 21.00 NOTE
r-oldrel-windows-x86_64 0.1.3 3.00 45.00 48.00 NOTE

Check Details

Version: 0.1.3
Check: LazyData
Result: NOTE 'LazyData' is specified without a 'data' directory Flavors: r-patched-linux-x86_64, r-release-linux-x86_64, r-release-macos-arm64, r-release-macos-x86_64, r-release-windows-x86_64, r-oldrel-macos-arm64, r-oldrel-macos-x86_64, r-oldrel-windows-x86_64

These binaries (installable software) and packages are in development.
They may not be fully stable and should be used with caution. We make no claims about them.