Last updated on 2025-02-16 08:50:51 CET.
Flavor | Version | Tinstall | Tcheck | Ttotal | Status | Flags |
---|---|---|---|---|---|---|
r-devel-linux-x86_64-debian-clang | 0.2.12 | 439.00 | 238.79 | 677.79 | OK | |
r-devel-linux-x86_64-debian-gcc | 0.2.12 | 264.29 | 155.28 | 419.57 | OK | |
r-devel-linux-x86_64-fedora-clang | 0.2.12 | 949.43 | OK | |||
r-devel-linux-x86_64-fedora-gcc | 0.2.12 | 1093.83 | OK | |||
r-devel-macos-arm64 | 0.2.12 | 272.00 | OK | |||
r-devel-macos-x86_64 | 0.2.12 | 329.00 | OK | |||
r-devel-windows-x86_64 | 0.2.12 | 261.00 | 359.00 | 620.00 | OK | |
r-patched-linux-x86_64 | 0.2.12 | 369.88 | 227.56 | 597.44 | OK | |
r-release-linux-x86_64 | 0.2.12 | 362.17 | 227.59 | 589.76 | OK | |
r-release-macos-arm64 | 0.2.12 | 287.00 | NOTE | |||
r-release-macos-x86_64 | 0.2.12 | 350.00 | NOTE | |||
r-release-windows-x86_64 | 0.2.12 | 267.00 | 352.00 | 619.00 | NOTE | |
r-oldrel-macos-arm64 | 0.2.11 | 262.00 | NOTE | |||
r-oldrel-macos-x86_64 | 0.2.12 | 401.00 | NOTE | |||
r-oldrel-windows-x86_64 | 0.2.12 | 339.00 | 417.00 | 756.00 | NOTE |
Version: 0.2.12
Check: installed package size
Result: NOTE
installed size is 91.2Mb
sub-directories of 1Mb or more:
libs 88.9Mb
Flavors: r-release-macos-arm64, r-release-macos-x86_64, r-release-windows-x86_64, r-oldrel-macos-x86_64, r-oldrel-windows-x86_64
Version: 0.2.11
Check: installed package size
Result: NOTE
installed size is 92.5Mb
sub-directories of 1Mb or more:
libs 90.3Mb
Flavor: r-oldrel-macos-arm64
These binaries (installable software) and packages are in development.
They may not be fully stable and should be used with caution. We make no claims about them.