Last updated on 2024-07-27 15:50:24 CEST.
Flavor | Version | Tinstall | Tcheck | Ttotal | Status | Flags |
---|---|---|---|---|---|---|
r-devel-linux-x86_64-debian-clang | 0.2.9 | 609.19 | 425.65 | 1034.84 | OK | |
r-devel-linux-x86_64-debian-gcc | 0.2.9 | OK | ||||
r-devel-linux-x86_64-fedora-clang | 0.2.9 | 1004.14 | NOTE | |||
r-devel-linux-x86_64-fedora-gcc | 0.2.9 | 1190.25 | OK | |||
r-devel-windows-x86_64 | 0.2.9 | 259.00 | 516.00 | 775.00 | NOTE | |
r-patched-linux-x86_64 | 0.2.9 | OK | ||||
r-release-linux-x86_64 | 0.2.9 | 363.11 | 406.33 | 769.44 | OK | |
r-release-macos-arm64 | 0.2.9 | 283.00 | NOTE | |||
r-release-macos-x86_64 | 0.2.9 | 456.00 | NOTE | |||
r-release-windows-x86_64 | 0.2.9 | 264.00 | 486.00 | 750.00 | NOTE | |
r-oldrel-macos-arm64 | 0.2.9 | 329.00 | NOTE | |||
r-oldrel-macos-x86_64 | 0.2.9 | 468.00 | NOTE | |||
r-oldrel-windows-x86_64 | 0.2.9 | 319.00 | 578.00 | 897.00 | NOTE |
Version: 0.2.9
Check: installed package size
Result: NOTE
installed size is 8.2Mb
sub-directories of 1Mb or more:
libs 5.9Mb
Flavors: r-devel-linux-x86_64-fedora-clang, r-devel-windows-x86_64, r-release-macos-arm64, r-release-macos-x86_64, r-release-windows-x86_64, r-oldrel-macos-arm64, r-oldrel-macos-x86_64, r-oldrel-windows-x86_64
These binaries (installable software) and packages are in development.
They may not be fully stable and should be used with caution. We make no claims about them.