Last updated on 2025-07-25 19:49:46 CEST.
Flavor | Version | Tinstall | Tcheck | Ttotal | Status | Flags |
---|---|---|---|---|---|---|
r-devel-linux-x86_64-debian-clang | 0.73.3 | 2.94 | 31.86 | 34.80 | NOTE | |
r-devel-linux-x86_64-debian-gcc | 0.73.3 | 2.16 | 27.60 | 29.76 | NOTE | |
r-devel-linux-x86_64-fedora-clang | 0.73.3 | 52.21 | NOTE | |||
r-devel-linux-x86_64-fedora-gcc | 0.73.3 | 56.57 | NOTE | |||
r-devel-windows-x86_64 | 0.73.3 | 5.00 | 68.00 | 73.00 | NOTE | |
r-patched-linux-x86_64 | 0.73.3 | 2.82 | 30.82 | 33.64 | NOTE | |
r-release-linux-x86_64 | 0.73.3 | 2.68 | 30.84 | 33.52 | NOTE | |
r-release-macos-arm64 | 0.73.3 | 22.00 | NOTE | |||
r-release-macos-x86_64 | 0.73.3 | 35.00 | NOTE | |||
r-release-windows-x86_64 | 0.73.3 | 4.00 | 60.00 | 64.00 | NOTE | |
r-oldrel-macos-arm64 | 0.73.3 | 25.00 | NOTE | |||
r-oldrel-macos-x86_64 | 0.73.3 | 28.00 | NOTE | |||
r-oldrel-windows-x86_64 | 0.73.3 | 5.00 | 61.00 | 66.00 | NOTE |
Version: 0.73.3
Check: CRAN incoming feasibility
Result: NOTE
Maintainer: ‘Fridolin Wild <wild@brookes.ac.uk>’
No Authors@R field in DESCRIPTION.
Please add one, modifying
Authors@R: person(given = "Fridolin",
family = "Wild",
role = c("aut", "cre"),
email = "wild@brookes.ac.uk")
as necessary.
Flavors: r-devel-linux-x86_64-debian-clang, r-devel-linux-x86_64-debian-gcc
Version: 0.73.3
Check: Rd files
Result: NOTE
checkRd: (-1) specialchars.Rd:6: Escaped LaTeX specials: \&
Flavors: r-devel-linux-x86_64-debian-clang, r-devel-linux-x86_64-debian-gcc, r-devel-linux-x86_64-fedora-clang, r-devel-linux-x86_64-fedora-gcc, r-devel-windows-x86_64, r-patched-linux-x86_64, r-release-linux-x86_64, r-release-macos-arm64, r-release-macos-x86_64, r-release-windows-x86_64, r-oldrel-macos-arm64, r-oldrel-macos-x86_64, r-oldrel-windows-x86_64
These binaries (installable software) and packages are in development.
They may not be fully stable and should be used with caution. We make no claims about them.