CRAN Package Check Results for Package lsbclust

Last updated on 2025-02-16 08:50:51 CET.

Flavor Version Tinstall Tcheck Ttotal Status Flags
r-devel-linux-x86_64-debian-clang 1.1 24.08 81.79 105.87 NOTE
r-devel-linux-x86_64-debian-gcc 1.1 18.57 53.83 72.40 NOTE
r-devel-linux-x86_64-fedora-clang 1.1 185.34 NOTE
r-devel-linux-x86_64-fedora-gcc 1.1 173.70 NOTE
r-devel-macos-arm64 1.1 48.00 NOTE
r-devel-macos-x86_64 1.1 88.00 NOTE
r-devel-windows-x86_64 1.1 32.00 111.00 143.00 NOTE
r-patched-linux-x86_64 1.1 29.04 74.50 103.54 NOTE
r-release-linux-x86_64 1.1 25.91 74.98 100.89 NOTE
r-release-macos-arm64 1.1 49.00 NOTE
r-release-macos-x86_64 1.1 68.00 NOTE
r-release-windows-x86_64 1.1 30.00 111.00 141.00 NOTE
r-oldrel-macos-arm64 1.1 57.00 OK
r-oldrel-macos-x86_64 1.1 87.00 OK
r-oldrel-windows-x86_64 1.1 39.00 132.00 171.00 OK

Check Details

Version: 1.1
Check: Rd files
Result: NOTE checkRd: (-1) plot.int.lsbclust.Rd:112: Lost braces 112 | \code{"rows"} and code{"columns"}.} | ^ Flavors: r-devel-linux-x86_64-debian-clang, r-devel-linux-x86_64-debian-gcc, r-devel-linux-x86_64-fedora-clang, r-devel-linux-x86_64-fedora-gcc, r-devel-macos-arm64, r-devel-macos-x86_64, r-devel-windows-x86_64, r-patched-linux-x86_64, r-release-linux-x86_64, r-release-macos-arm64, r-release-macos-x86_64, r-release-windows-x86_64

Version: 1.1
Check: Rd cross-references
Result: NOTE Found the following Rd file(s) with Rd \link{} targets missing package anchors: cfsim.Rd: cl_agreement cfsim.T3Clusf.Rd: cl_agreement cfsim.akmeans.Rd: cl_agreement cfsim.lsbclust.Rd: cl_agreement int.lsbclust.Rd: cl_agreement lsbclust.Rd: cl_agreement plot.T3Clusf.Rd: theme plot.bicomp.Rd: grid.arrange, scale_fill_gradient2, theme plot.col.kmeans.Rd: theme plot.int.lsbclust.Rd: grid.arrange, geom_segment, theme plot.lsbclust.Rd: theme plot.ovl.kmeans.Rd: theme plot.row.kmeans.Rd: theme plot.step.lsbclust.Rd: grid.arrange, theme Please provide package anchors for all Rd \link{} targets not in the package itself and the base packages. Flavors: r-devel-linux-x86_64-debian-clang, r-devel-linux-x86_64-debian-gcc, r-devel-windows-x86_64

These binaries (installable software) and packages are in development.
They may not be fully stable and should be used with caution. We make no claims about them.