Last updated on 2025-02-16 08:50:51 CET.
Flavor | Version | Tinstall | Tcheck | Ttotal | Status | Flags |
---|---|---|---|---|---|---|
r-devel-linux-x86_64-debian-clang | 0.1 | 2.07 | 26.60 | 28.67 | OK | |
r-devel-linux-x86_64-debian-gcc | 0.1 | 1.27 | 20.90 | 22.17 | OK | |
r-devel-linux-x86_64-fedora-clang | 0.1 | 47.60 | NOTE | |||
r-devel-linux-x86_64-fedora-gcc | 0.1 | 44.24 | NOTE | |||
r-devel-macos-arm64 | 0.1 | 20.00 | OK | |||
r-devel-macos-x86_64 | 0.1 | 33.00 | OK | |||
r-devel-windows-x86_64 | 0.1 | 3.00 | 57.00 | 60.00 | OK | |
r-patched-linux-x86_64 | 0.1 | 1.63 | 25.60 | 27.23 | NOTE | |
r-release-linux-x86_64 | 0.1 | 1.74 | 25.90 | 27.64 | NOTE | |
r-release-macos-arm64 | 0.1 | 20.00 | NOTE | |||
r-release-macos-x86_64 | 0.1 | 27.00 | NOTE | |||
r-release-windows-x86_64 | 0.1 | 4.00 | 62.00 | 66.00 | NOTE | |
r-oldrel-macos-arm64 | 0.1 | 22.00 | NOTE | |||
r-oldrel-macos-x86_64 | 0.1 | 28.00 | NOTE | |||
r-oldrel-windows-x86_64 | 0.1 | 4.00 | 80.00 | 84.00 | NOTE |
Version: 0.1
Check: dependencies in R code
Result: NOTE
Namespace in Imports field not imported from: ‘Matrix’
All declared Imports should be used.
Flavors: r-devel-linux-x86_64-fedora-clang, r-devel-linux-x86_64-fedora-gcc
Version: 0.1
Check: LazyData
Result: NOTE
'LazyData' is specified without a 'data' directory
Flavors: r-patched-linux-x86_64, r-release-linux-x86_64, r-release-macos-arm64, r-release-macos-x86_64, r-release-windows-x86_64, r-oldrel-macos-arm64, r-oldrel-macos-x86_64, r-oldrel-windows-x86_64
These binaries (installable software) and packages are in development.
They may not be fully stable and should be used with caution. We make no claims about them.