Last updated on 2025-05-08 04:52:09 CEST.
Flavor | Version | Tinstall | Tcheck | Ttotal | Status | Flags |
---|---|---|---|---|---|---|
r-devel-linux-x86_64-debian-clang | 1.3.4 | 141.29 | 288.46 | 429.75 | OK | |
r-devel-linux-x86_64-debian-gcc | 1.3.4 | 123.10 | 209.51 | 332.61 | OK | |
r-devel-linux-x86_64-fedora-clang | 1.3.4 | 670.84 | OK | |||
r-devel-linux-x86_64-fedora-gcc | 1.3.4 | 823.01 | OK | |||
r-devel-windows-x86_64 | 1.3.4 | 146.00 | 370.00 | 516.00 | OK | |
r-patched-linux-x86_64 | 1.3.4 | 161.40 | 276.61 | 438.01 | OK | |
r-release-linux-x86_64 | 1.3.4 | 158.46 | 277.46 | 435.92 | OK | |
r-release-macos-arm64 | 1.3.4 | 193.00 | OK | |||
r-release-macos-x86_64 | 1.3.4 | 326.00 | OK | |||
r-release-windows-x86_64 | 1.3.4 | 146.00 | 356.00 | 502.00 | OK | |
r-oldrel-macos-arm64 | 1.3.4 | 190.00 | NOTE | |||
r-oldrel-macos-x86_64 | 1.3.4 | 319.00 | NOTE | |||
r-oldrel-windows-x86_64 | 1.3.4 | 188.00 | 447.00 | 635.00 | OK |
Version: 1.3.4
Check: installed package size
Result: NOTE
installed size is 10.6Mb
sub-directories of 1Mb or more:
libs 9.8Mb
Flavors: r-oldrel-macos-arm64, r-oldrel-macos-x86_64
These binaries (installable software) and packages are in development.
They may not be fully stable and should be used with caution. We make no claims about them.