CRAN Package Check Results for Package lsl

Last updated on 2025-11-13 17:50:38 CET.

Flavor Version Tinstall Tcheck Ttotal Status Flags
r-devel-linux-x86_64-debian-clang 0.5.6 8.13 64.95 73.08 OK
r-devel-linux-x86_64-debian-gcc 0.5.6 5.67 46.21 51.88 OK
r-devel-linux-x86_64-fedora-clang 0.5.6 17.00 95.17 112.17 OK
r-devel-linux-x86_64-fedora-gcc 0.5.6 15.00 91.92 106.92 OK
r-devel-windows-x86_64 0.5.6 9.00 77.00 86.00 OK
r-patched-linux-x86_64 0.5.6 7.54 60.58 68.12 OK
r-release-linux-x86_64 0.5.6 7.30 61.07 68.37 OK
r-release-macos-arm64 0.5.6 4.00 31.00 35.00 OK
r-release-macos-x86_64 0.5.6 6.00 50.00 56.00 OK
r-release-windows-x86_64 0.5.6 10.00 71.00 81.00 OK
r-oldrel-macos-arm64 0.5.6 3.00 25.00 28.00 NOTE
r-oldrel-macos-x86_64 0.5.6 5.00 43.00 48.00 NOTE
r-oldrel-windows-x86_64 0.5.6 13.00 86.00 99.00 NOTE

Check Details

Version: 0.5.6
Check: LazyData
Result: NOTE 'LazyData' is specified without a 'data' directory Flavors: r-oldrel-macos-arm64, r-oldrel-macos-x86_64, r-oldrel-windows-x86_64

These binaries (installable software) and packages are in development.
They may not be fully stable and should be used with caution. We make no claims about them.