Last updated on 2025-11-13 17:50:38 CET.
| Flavor | Version | Tinstall | Tcheck | Ttotal | Status | Flags |
|---|---|---|---|---|---|---|
| r-devel-linux-x86_64-debian-clang | 0.6.11 | 179.62 | 114.48 | 294.10 | OK | |
| r-devel-linux-x86_64-debian-gcc | 0.6.11 | 150.71 | 98.92 | 249.63 | OK | |
| r-devel-linux-x86_64-fedora-clang | 0.6.11 | 230.00 | 205.02 | 435.02 | OK | |
| r-devel-linux-x86_64-fedora-gcc | 0.6.11 | 330.00 | 223.91 | 553.91 | OK | |
| r-devel-windows-x86_64 | 0.6.11 | 170.00 | 166.00 | 336.00 | OK | |
| r-patched-linux-x86_64 | 0.6.11 | 202.21 | 130.96 | 333.17 | OK | |
| r-release-linux-x86_64 | 0.6.11 | 193.93 | 130.14 | 324.07 | OK | |
| r-release-macos-arm64 | 0.6.11 | 95.00 | 68.00 | 163.00 | OK | |
| r-release-macos-x86_64 | 0.6.11 | 94.00 | 87.00 | 181.00 | OK | |
| r-release-windows-x86_64 | 0.6.11 | 172.00 | 154.00 | 326.00 | OK | |
| r-oldrel-macos-arm64 | 0.6.11 | 65.00 | 49.00 | 114.00 | NOTE | |
| r-oldrel-macos-x86_64 | 0.6.11 | 78.00 | 78.00 | 156.00 | NOTE | |
| r-oldrel-windows-x86_64 | 0.6.11 | 206.00 | 188.00 | 394.00 | OK |
Version: 0.6.11
Check: installed package size
Result: NOTE
installed size is 108.9Mb
sub-directories of 1Mb or more:
doc 1.6Mb
libs 106.6Mb
Flavors: r-oldrel-macos-arm64, r-oldrel-macos-x86_64
These binaries (installable software) and packages are in development.
They may not be fully stable and should be used with caution. We make no claims about them.