Last updated on 2025-02-16 08:50:51 CET.
Flavor | Version | Tinstall | Tcheck | Ttotal | Status | Flags |
---|---|---|---|---|---|---|
r-devel-linux-x86_64-debian-clang | 0.6.11 | 169.70 | 95.88 | 265.58 | OK | |
r-devel-linux-x86_64-debian-gcc | 0.6.11 | 146.81 | 85.70 | 232.51 | OK | |
r-devel-linux-x86_64-fedora-clang | 0.6.11 | 423.37 | OK | |||
r-devel-linux-x86_64-fedora-gcc | 0.6.11 | 556.23 | OK | |||
r-devel-macos-arm64 | 0.6.11 | 116.00 | OK | |||
r-devel-macos-x86_64 | 0.6.11 | 213.00 | OK | |||
r-devel-windows-x86_64 | 0.6.11 | 160.00 | 147.00 | 307.00 | OK | |
r-patched-linux-x86_64 | 0.6.11 | 185.30 | 109.41 | 294.71 | OK | |
r-release-linux-x86_64 | 0.6.11 | 186.52 | 108.97 | 295.49 | OK | |
r-release-macos-arm64 | 0.6.11 | 114.00 | NOTE | |||
r-release-macos-x86_64 | 0.6.11 | 156.00 | NOTE | |||
r-release-windows-x86_64 | 0.6.11 | 161.00 | 149.00 | 310.00 | OK | |
r-oldrel-macos-arm64 | 0.6.11 | 114.00 | NOTE | |||
r-oldrel-macos-x86_64 | 0.6.11 | 182.00 | NOTE | |||
r-oldrel-windows-x86_64 | 0.6.11 | 218.00 | 164.00 | 382.00 | OK |
Version: 0.6.11
Check: installed package size
Result: NOTE
installed size is 108.9Mb
sub-directories of 1Mb or more:
doc 1.6Mb
libs 106.6Mb
Flavors: r-release-macos-arm64, r-release-macos-x86_64, r-oldrel-macos-arm64, r-oldrel-macos-x86_64
These binaries (installable software) and packages are in development.
They may not be fully stable and should be used with caution. We make no claims about them.