Last updated on 2025-05-08 04:52:09 CEST.
Flavor | Version | Tinstall | Tcheck | Ttotal | Status | Flags |
---|---|---|---|---|---|---|
r-devel-linux-x86_64-debian-clang | 0.6.11 | 174.82 | 101.00 | 275.82 | OK | |
r-devel-linux-x86_64-debian-gcc | 0.6.11 | 149.04 | 91.14 | 240.18 | OK | |
r-devel-linux-x86_64-fedora-clang | 0.6.11 | 405.90 | OK | |||
r-devel-linux-x86_64-fedora-gcc | 0.6.11 | 587.24 | OK | |||
r-devel-windows-x86_64 | 0.6.11 | 174.00 | 160.00 | 334.00 | OK | |
r-patched-linux-x86_64 | 0.6.11 | 188.82 | 118.20 | 307.02 | OK | |
r-release-linux-x86_64 | 0.6.11 | 193.32 | 117.73 | 311.05 | OK | |
r-release-macos-arm64 | 0.6.11 | 163.00 | OK | |||
r-release-macos-x86_64 | 0.6.11 | 181.00 | OK | |||
r-release-windows-x86_64 | 0.6.11 | 174.00 | 152.00 | 326.00 | OK | |
r-oldrel-macos-arm64 | 0.6.11 | 114.00 | NOTE | |||
r-oldrel-macos-x86_64 | 0.6.11 | 156.00 | NOTE | |||
r-oldrel-windows-x86_64 | 0.6.11 | 204.00 | 179.00 | 383.00 | OK |
Version: 0.6.11
Check: installed package size
Result: NOTE
installed size is 108.9Mb
sub-directories of 1Mb or more:
doc 1.6Mb
libs 106.6Mb
Flavors: r-oldrel-macos-arm64, r-oldrel-macos-x86_64
These binaries (installable software) and packages are in development.
They may not be fully stable and should be used with caution. We make no claims about them.