Last updated on 2025-02-16 08:50:51 CET.
Flavor | Version | Tinstall | Tcheck | Ttotal | Status | Flags |
---|---|---|---|---|---|---|
r-devel-linux-x86_64-debian-clang | 1.0-0 | 1.54 | 27.14 | 28.68 | OK | |
r-devel-linux-x86_64-debian-gcc | 1.0-0 | 1.36 | 21.24 | 22.60 | OK | |
r-devel-linux-x86_64-fedora-clang | 1.0-0 | 48.96 | OK | |||
r-devel-linux-x86_64-fedora-gcc | 1.0-0 | 57.89 | OK | |||
r-devel-macos-arm64 | 1.0-0 | 26.00 | OK | |||
r-devel-macos-x86_64 | 1.0-0 | 61.00 | OK | |||
r-devel-windows-x86_64 | 1.0-0 | 3.00 | 48.00 | 51.00 | OK | |
r-patched-linux-x86_64 | 1.0-0 | 1.49 | 25.46 | 26.95 | NOTE | |
r-release-linux-x86_64 | 1.0-0 | 1.41 | 25.70 | 27.11 | NOTE | |
r-release-macos-arm64 | 1.0-0 | 24.00 | NOTE | |||
r-release-macos-x86_64 | 1.0-0 | 34.00 | NOTE | |||
r-release-windows-x86_64 | 1.0-0 | 3.00 | 48.00 | 51.00 | NOTE | |
r-oldrel-macos-arm64 | 1.0-0 | 25.00 | NOTE | |||
r-oldrel-macos-x86_64 | 1.0-0 | 35.00 | NOTE | |||
r-oldrel-windows-x86_64 | 1.0-0 | 3.00 | 46.00 | 49.00 | NOTE |
Version: 1.0-0
Check: LazyData
Result: NOTE
'LazyData' is specified without a 'data' directory
Flavors: r-patched-linux-x86_64, r-release-linux-x86_64, r-release-macos-arm64, r-release-macos-x86_64, r-release-windows-x86_64, r-oldrel-macos-arm64, r-oldrel-macos-x86_64, r-oldrel-windows-x86_64
These binaries (installable software) and packages are in development.
They may not be fully stable and should be used with caution. We make no claims about them.