Last updated on 2025-05-08 04:52:09 CEST.
Flavor | Version | Tinstall | Tcheck | Ttotal | Status | Flags |
---|---|---|---|---|---|---|
r-devel-linux-x86_64-debian-clang | 0.5.2 | 4.17 | 33.91 | 38.08 | NOTE | |
r-devel-linux-x86_64-debian-gcc | 0.5.2 | 2.72 | 25.27 | 27.99 | NOTE | |
r-devel-linux-x86_64-fedora-clang | 0.5.2 | 57.11 | OK | |||
r-devel-linux-x86_64-fedora-gcc | 0.5.2 | 55.55 | OK | |||
r-devel-windows-x86_64 | 0.5.2 | 5.00 | 64.00 | 69.00 | OK | |
r-patched-linux-x86_64 | 0.5.2 | 4.86 | 31.21 | 36.07 | OK | |
r-release-linux-x86_64 | 0.5.2 | 3.42 | 30.93 | 34.35 | OK | |
r-release-macos-arm64 | 0.5.2 | 21.00 | OK | |||
r-release-macos-x86_64 | 0.5.2 | 48.00 | OK | |||
r-release-windows-x86_64 | 0.5.2 | 5.00 | 57.00 | 62.00 | OK | |
r-oldrel-macos-arm64 | 0.5.2 | 25.00 | OK | |||
r-oldrel-macos-x86_64 | 0.5.2 | 30.00 | OK | |||
r-oldrel-windows-x86_64 | 0.5.2 | 6.00 | 64.00 | 70.00 | OK |
Version: 0.5.2
Check: CRAN incoming feasibility
Result: NOTE
Maintainer: ‘Danielle Navarro <djnavarro@protonmail.com>’
Package CITATION file contains call(s) to old-style citEntry(). Please
use bibentry() instead.
Flavors: r-devel-linux-x86_64-debian-clang, r-devel-linux-x86_64-debian-gcc
These binaries (installable software) and packages are in development.
They may not be fully stable and should be used with caution. We make no claims about them.