CRAN Package Check Results for Package ltable

Last updated on 2025-07-26 07:50:26 CEST.

Flavor Version Tinstall Tcheck Ttotal Status Flags
r-devel-linux-x86_64-debian-clang 2.0.4 3.23 104.63 107.86 NOTE
r-devel-linux-x86_64-debian-gcc 2.0.4 2.96 67.54 70.50 NOTE
r-devel-linux-x86_64-fedora-clang 2.0.4 185.21 OK
r-devel-linux-x86_64-fedora-gcc 2.0.4 179.61 OK
r-devel-windows-x86_64 2.0.4 5.00 115.00 120.00 OK
r-patched-linux-x86_64 2.0.4 4.74 101.93 106.67 OK
r-release-linux-x86_64 2.0.4 4.33 98.41 102.74 OK
r-release-macos-arm64 2.0.4 43.00 OK
r-release-macos-x86_64 2.0.4 87.00 OK
r-release-windows-x86_64 2.0.4 5.00 105.00 110.00 OK
r-oldrel-macos-arm64 2.0.4 47.00 OK
r-oldrel-macos-x86_64 2.0.4 116.00 OK
r-oldrel-windows-x86_64 2.0.4 6.00 136.00 142.00 OK

Check Details

Version: 2.0.4
Check: CRAN incoming feasibility
Result: NOTE Maintainer: ‘Ocheredko Oleksandr <Ocheredko@yahoo.com>’ No Authors@R field in DESCRIPTION. Please add one, modifying Authors@R: person(given = "Ocheredko", family = "Oleksandr", role = c("aut", "cre"), email = "ocheredko@yahoo.com") as necessary. Flavors: r-devel-linux-x86_64-debian-clang, r-devel-linux-x86_64-debian-gcc

These binaries (installable software) and packages are in development.
They may not be fully stable and should be used with caution. We make no claims about them.