CRAN Package Check Results for Package ltsk

Last updated on 2025-05-08 04:52:09 CEST.

Flavor Version Tinstall Tcheck Ttotal Status Flags
r-devel-linux-x86_64-debian-clang 1.1.2 42.80 34.68 77.48 NOTE
r-devel-linux-x86_64-debian-gcc 1.1.2 25.32 26.11 51.43 NOTE
r-devel-linux-x86_64-fedora-clang 1.1.2 176.81 OK
r-devel-linux-x86_64-fedora-gcc 1.1.2 131.74 OK
r-devel-windows-x86_64 1.1.2 49.00 79.00 128.00 OK
r-patched-linux-x86_64 1.1.2 35.51 33.29 68.80 OK
r-release-linux-x86_64 1.1.2 34.06 33.44 67.50 OK
r-release-macos-arm64 1.1.2 41.00 OK
r-release-macos-x86_64 1.1.2 63.00 OK
r-release-windows-x86_64 1.1.2 48.00 121.00 169.00 OK
r-oldrel-macos-arm64 1.1.2 42.00 OK
r-oldrel-macos-x86_64 1.1.2 81.00 OK
r-oldrel-windows-x86_64 1.1.2 48.00 89.00 137.00 OK

Check Details

Version: 1.1.2
Check: CRAN incoming feasibility
Result: NOTE Maintainer: ‘Dong Liang <dliang@umces.edu>’ No Authors@R field in DESCRIPTION. Please add one, modifying Authors@R: c(person(given = "Naresh", family = "Kumar", role = "aut"), person(given = "Dong", family = "Liang", role = c("aut", "cre"), email = "dliang@umces.edu")) as necessary. Flavors: r-devel-linux-x86_64-debian-clang, r-devel-linux-x86_64-debian-gcc

These binaries (installable software) and packages are in development.
They may not be fully stable and should be used with caution. We make no claims about them.