CRAN Package Check Results for Package ltsspca

Last updated on 2025-05-08 04:52:09 CEST.

Flavor Version Tinstall Tcheck Ttotal Status Flags
r-devel-linux-x86_64-debian-clang 0.1.0 59.62 135.98 195.60 NOTE
r-devel-linux-x86_64-debian-gcc 0.1.0 42.23 95.07 137.30 NOTE
r-devel-linux-x86_64-fedora-clang 0.1.0 340.77 NOTE
r-devel-linux-x86_64-fedora-gcc 0.1.0 357.68 NOTE
r-devel-windows-x86_64 0.1.0 67.00 188.00 255.00 NOTE
r-patched-linux-x86_64 0.1.0 59.36 130.60 189.96 NOTE
r-release-linux-x86_64 0.1.0 57.58 130.47 188.05 NOTE
r-release-macos-arm64 0.1.0 133.00 NOTE
r-release-macos-x86_64 0.1.0 186.00 NOTE
r-release-windows-x86_64 0.1.0 70.00 177.00 247.00 NOTE
r-oldrel-macos-arm64 0.1.0 104.00 NOTE
r-oldrel-macos-x86_64 0.1.0 141.00 NOTE
r-oldrel-windows-x86_64 0.1.0 77.00 225.00 302.00 NOTE

Check Details

Version: 0.1.0
Check: C++ specification
Result: NOTE Specified C++11: please drop specification unless essential Flavors: r-devel-linux-x86_64-debian-clang, r-devel-linux-x86_64-debian-gcc, r-devel-linux-x86_64-fedora-clang, r-devel-linux-x86_64-fedora-gcc, r-devel-windows-x86_64, r-patched-linux-x86_64, r-release-linux-x86_64, r-release-macos-arm64, r-release-macos-x86_64, r-release-windows-x86_64, r-oldrel-macos-arm64, r-oldrel-macos-x86_64, r-oldrel-windows-x86_64

These binaries (installable software) and packages are in development.
They may not be fully stable and should be used with caution. We make no claims about them.