Last updated on 2025-07-02 03:50:45 CEST.
Flavor | Version | Tinstall | Tcheck | Ttotal | Status | Flags |
---|---|---|---|---|---|---|
r-devel-linux-x86_64-debian-clang | 0.1.0 | 59.93 | 134.06 | 193.99 | NOTE | |
r-devel-linux-x86_64-debian-gcc | 0.1.0 | 41.54 | 96.07 | 137.61 | NOTE | |
r-devel-linux-x86_64-fedora-clang | 0.1.0 | 342.14 | NOTE | |||
r-devel-linux-x86_64-fedora-gcc | 0.1.0 | 332.81 | NOTE | |||
r-devel-windows-x86_64 | 0.1.0 | 67.00 | 226.00 | 293.00 | NOTE | |
r-patched-linux-x86_64 | NOTE | |||||
r-release-linux-x86_64 | 0.1.0 | 57.61 | 129.32 | 186.93 | NOTE | |
r-release-macos-arm64 | 0.1.0 | 133.00 | NOTE | |||
r-release-macos-x86_64 | 0.1.0 | 186.00 | NOTE | |||
r-release-windows-x86_64 | 0.1.0 | 68.00 | 183.00 | 251.00 | NOTE | |
r-oldrel-macos-arm64 | 0.1.0 | 104.00 | NOTE | |||
r-oldrel-macos-x86_64 | 0.1.0 | 141.00 | NOTE | |||
r-oldrel-windows-x86_64 | 0.1.0 | 69.00 | 233.00 | 302.00 | NOTE |
Version: 0.1.0
Check: C++ specification
Result: NOTE
Specified C++11: please drop specification unless essential
Flavors: r-devel-linux-x86_64-debian-clang, r-devel-linux-x86_64-debian-gcc, r-devel-linux-x86_64-fedora-clang, r-devel-linux-x86_64-fedora-gcc, r-devel-windows-x86_64, r-patched-linux-x86_64, r-release-linux-x86_64, r-release-macos-arm64, r-release-macos-x86_64, r-release-windows-x86_64, r-oldrel-macos-arm64, r-oldrel-macos-x86_64, r-oldrel-windows-x86_64
These binaries (installable software) and packages are in development.
They may not be fully stable and should be used with caution. We make no claims about them.