Last updated on 2024-07-27 15:50:24 CEST.
Flavor | Version | Tinstall | Tcheck | Ttotal | Status | Flags |
---|---|---|---|---|---|---|
r-devel-linux-x86_64-debian-clang | 0.1.0 | 75.53 | 180.86 | 256.39 | NOTE | |
r-devel-linux-x86_64-debian-gcc | 0.1.0 | NOTE | ||||
r-devel-linux-x86_64-fedora-clang | 0.1.0 | 370.67 | NOTE | |||
r-devel-linux-x86_64-fedora-gcc | 0.1.0 | 353.80 | NOTE | |||
r-devel-windows-x86_64 | 0.1.0 | 64.00 | 181.00 | 245.00 | NOTE | |
r-patched-linux-x86_64 | 0.1.0 | NOTE | ||||
r-release-linux-x86_64 | 0.1.0 | 66.45 | 174.98 | 241.43 | NOTE | |
r-release-macos-arm64 | 0.1.0 | 104.00 | NOTE | |||
r-release-macos-x86_64 | 0.1.0 | 141.00 | NOTE | |||
r-release-windows-x86_64 | 0.1.0 | 75.00 | 186.00 | 261.00 | NOTE | |
r-oldrel-macos-arm64 | 0.1.0 | 113.00 | NOTE | |||
r-oldrel-macos-x86_64 | 0.1.0 | 189.00 | NOTE | |||
r-oldrel-windows-x86_64 | 0.1.0 | 74.00 | 207.00 | 281.00 | NOTE |
Version: 0.1.0
Check: C++ specification
Result: NOTE
Specified C++11: please drop specification unless essential
Flavors: r-devel-linux-x86_64-debian-clang, r-devel-linux-x86_64-debian-gcc, r-devel-linux-x86_64-fedora-clang, r-devel-linux-x86_64-fedora-gcc, r-devel-windows-x86_64, r-patched-linux-x86_64, r-release-linux-x86_64, r-release-macos-arm64, r-release-macos-x86_64, r-release-windows-x86_64, r-oldrel-macos-arm64, r-oldrel-macos-x86_64, r-oldrel-windows-x86_64
These binaries (installable software) and packages are in development.
They may not be fully stable and should be used with caution. We make no claims about them.