Last updated on 2025-02-16 08:50:51 CET.
Flavor | Version | Tinstall | Tcheck | Ttotal | Status | Flags |
---|---|---|---|---|---|---|
r-devel-linux-x86_64-debian-clang | 0.1.8 | 43.66 | 29.31 | 72.97 | OK | |
r-devel-linux-x86_64-debian-gcc | 0.1.8 | 32.49 | 23.82 | 56.31 | OK | |
r-devel-linux-x86_64-fedora-clang | 0.1.8 | 127.71 | OK | |||
r-devel-linux-x86_64-fedora-gcc | 0.1.8 | 154.09 | OK | |||
r-devel-macos-arm64 | 0.1.8 | 48.00 | OK | |||
r-devel-macos-x86_64 | 0.1.8 | 89.00 | OK | |||
r-devel-windows-x86_64 | 0.1.8 | 60.00 | 63.00 | 123.00 | OK | |
r-patched-linux-x86_64 | 0.1.8 | 45.37 | 28.25 | 73.62 | NOTE | |
r-release-linux-x86_64 | 0.1.8 | 43.36 | 28.64 | 72.00 | NOTE | |
r-release-macos-arm64 | 0.1.8 | 69.00 | NOTE | |||
r-release-macos-x86_64 | 0.1.8 | 129.00 | NOTE | |||
r-release-windows-x86_64 | 0.1.8 | 58.00 | 64.00 | 122.00 | NOTE | |
r-oldrel-macos-arm64 | 0.1.8 | 59.00 | NOTE | |||
r-oldrel-macos-x86_64 | 0.1.8 | 144.00 | NOTE | |||
r-oldrel-windows-x86_64 | 0.1.8 | 56.00 | 80.00 | 136.00 | NOTE |
Version: 0.1.8
Check: for GNU extensions in Makefiles
Result: NOTE
GNU make is a SystemRequirements.
Flavors: r-patched-linux-x86_64, r-release-linux-x86_64, r-release-macos-arm64, r-release-macos-x86_64, r-release-windows-x86_64, r-oldrel-macos-arm64, r-oldrel-macos-x86_64, r-oldrel-windows-x86_64
These binaries (installable software) and packages are in development.
They may not be fully stable and should be used with caution. We make no claims about them.