CRAN Package Check Results for Package lucas

Last updated on 2025-05-01 12:49:32 CEST.

Flavor Version Tinstall Tcheck Ttotal Status Flags
r-devel-linux-x86_64-debian-clang 1.0 3.96 33.74 37.70 NOTE
r-devel-linux-x86_64-debian-gcc 1.0 3.07 25.92 28.99 NOTE
r-devel-linux-x86_64-fedora-clang 1.0 58.97 NOTE
r-devel-linux-x86_64-fedora-gcc 1.0 56.73 NOTE
r-devel-windows-x86_64 1.0 6.00 76.00 82.00 NOTE
r-patched-linux-x86_64 1.0 4.22 32.13 36.35 NOTE
r-release-linux-x86_64 NOTE
r-release-macos-arm64 1.0 34.00 NOTE
r-release-macos-x86_64 1.0 39.00 NOTE
r-release-windows-x86_64 1.0 6.00 79.00 85.00 NOTE
r-oldrel-macos-arm64 1.0 20.00 NOTE
r-oldrel-macos-x86_64 1.0 45.00 NOTE
r-oldrel-windows-x86_64 1.0 6.00 62.00 68.00 NOTE

Check Details

Version: 1.0
Check: Rd files
Result: NOTE checkRd: (-1) Upload_to_db.Rd:43: Lost braces 43 | lucas]{Connect_to_db} | ^ Flavors: r-devel-linux-x86_64-debian-clang, r-devel-linux-x86_64-debian-gcc, r-devel-linux-x86_64-fedora-clang, r-devel-linux-x86_64-fedora-gcc, r-devel-windows-x86_64, r-patched-linux-x86_64, r-release-linux-x86_64, r-release-macos-arm64, r-release-macos-x86_64, r-release-windows-x86_64, r-oldrel-macos-arm64, r-oldrel-macos-x86_64, r-oldrel-windows-x86_64

Version: 1.0
Check: dependencies in R code
Result: NOTE Namespace in Imports field not imported from: ‘rpostgis’ All declared Imports should be used. Flavors: r-devel-linux-x86_64-fedora-clang, r-devel-linux-x86_64-fedora-gcc

Version: 1.0
Check: LazyData
Result: NOTE 'LazyData' is specified without a 'data' directory Flavors: r-oldrel-macos-arm64, r-oldrel-macos-x86_64, r-oldrel-windows-x86_64

These binaries (installable software) and packages are in development.
They may not be fully stable and should be used with caution. We make no claims about them.