Last updated on 2025-02-23 11:51:09 CET.
Flavor | Version | Tinstall | Tcheck | Ttotal | Status | Flags |
---|---|---|---|---|---|---|
r-devel-linux-x86_64-debian-clang | 0.2.0 | 62.36 | 119.85 | 182.21 | NOTE | |
r-devel-linux-x86_64-debian-gcc | 0.2.0 | 43.49 | 95.34 | 138.83 | NOTE | |
r-devel-linux-x86_64-fedora-clang | 0.2.0 | 295.04 | NOTE | |||
r-devel-linux-x86_64-fedora-gcc | 0.2.0 | 282.44 | NOTE | |||
r-devel-macos-arm64 | 0.2.0 | 72.00 | NOTE | |||
r-devel-macos-x86_64 | 0.2.0 | 142.00 | NOTE | |||
r-devel-windows-x86_64 | 0.2.0 | 68.00 | 137.00 | 205.00 | NOTE | |
r-patched-linux-x86_64 | 0.2.0 | 62.14 | 115.76 | 177.90 | NOTE | |
r-release-linux-x86_64 | 0.2.0 | 62.26 | 115.81 | 178.07 | NOTE | |
r-release-macos-arm64 | 0.2.0 | 69.00 | NOTE | |||
r-release-macos-x86_64 | 0.2.0 | 99.00 | NOTE | |||
r-release-windows-x86_64 | 0.2.0 | 67.00 | 140.00 | 207.00 | NOTE | |
r-oldrel-macos-arm64 | 0.2.0 | 83.00 | NOTE | |||
r-oldrel-macos-x86_64 | 0.2.0 | 155.00 | NOTE | |||
r-oldrel-windows-x86_64 | 0.2.0 | 80.00 | 163.00 | 243.00 | NOTE |
Version: 0.2.0
Check: C++ specification
Result: NOTE
Specified C++11: please drop specification unless essential
Flavors: r-devel-linux-x86_64-debian-clang, r-devel-linux-x86_64-debian-gcc, r-devel-linux-x86_64-fedora-clang, r-devel-linux-x86_64-fedora-gcc, r-devel-macos-arm64, r-devel-macos-x86_64, r-devel-windows-x86_64, r-patched-linux-x86_64, r-release-linux-x86_64, r-release-macos-arm64, r-release-macos-x86_64, r-release-windows-x86_64, r-oldrel-macos-arm64, r-oldrel-macos-x86_64, r-oldrel-windows-x86_64
Version: 0.2.0
Check: installed package size
Result: NOTE
installed size is 6.0Mb
sub-directories of 1Mb or more:
data 2.1Mb
libs 3.7Mb
Flavors: r-release-macos-arm64, r-release-macos-x86_64, r-oldrel-macos-arm64, r-oldrel-macos-x86_64
These binaries (installable software) and packages are in development.
They may not be fully stable and should be used with caution. We make no claims about them.