Last updated on 2025-02-16 08:50:51 CET.
Flavor | Version | Tinstall | Tcheck | Ttotal | Status | Flags |
---|---|---|---|---|---|---|
r-devel-linux-x86_64-debian-clang | 0.2.1 | 1.81 | 36.58 | 38.39 | OK | |
r-devel-linux-x86_64-debian-gcc | 0.2.1 | 1.15 | 25.51 | 26.66 | OK | |
r-devel-linux-x86_64-fedora-clang | 0.2.1 | 62.16 | NOTE | |||
r-devel-linux-x86_64-fedora-gcc | 0.2.1 | 58.33 | NOTE | |||
r-devel-macos-arm64 | 0.2.1 | 22.00 | OK | |||
r-devel-macos-x86_64 | 0.2.1 | 37.00 | OK | |||
r-devel-windows-x86_64 | 0.2.1 | 3.00 | 56.00 | 59.00 | OK | |
r-patched-linux-x86_64 | 0.2.1 | 1.86 | 34.43 | 36.29 | OK | |
r-release-linux-x86_64 | 0.2.1 | 1.74 | 34.09 | 35.83 | OK | |
r-release-macos-arm64 | 0.2.1 | 21.00 | OK | |||
r-release-macos-x86_64 | 0.2.1 | 31.00 | OK | |||
r-release-windows-x86_64 | 0.2.1 | 3.00 | 53.00 | 56.00 | OK | |
r-oldrel-macos-arm64 | 0.2.1 | 22.00 | OK | |||
r-oldrel-macos-x86_64 | 0.2.1 | 32.00 | OK | |||
r-oldrel-windows-x86_64 | 0.2.1 | 3.00 | 62.00 | 65.00 | OK |
Version: 0.2.1
Check: dependencies in R code
Result: NOTE
Namespaces in Imports field not imported from:
‘ncdf4’ ‘raster’
All declared Imports should be used.
Flavors: r-devel-linux-x86_64-fedora-clang, r-devel-linux-x86_64-fedora-gcc
These binaries (installable software) and packages are in development.
They may not be fully stable and should be used with caution. We make no claims about them.