CRAN Package Check Results for Package lulcc

Last updated on 2025-07-13 23:48:30 CEST.

Flavor Version Tinstall Tcheck Ttotal Status Flags
r-devel-linux-x86_64-debian-clang 1.0.4 38.76 259.91 298.67 NOTE
r-devel-linux-x86_64-debian-gcc 1.0.4 25.63 168.63 194.26 NOTE
r-devel-linux-x86_64-fedora-clang 1.0.4 489.31 OK
r-devel-linux-x86_64-fedora-gcc 1.0.4 453.56 OK
r-devel-windows-x86_64 1.0.4 39.00 211.00 250.00 OK
r-patched-linux-x86_64 1.0.4 39.80 253.42 293.22 OK
r-release-linux-x86_64 1.0.4 35.48 246.04 281.52 OK
r-release-macos-arm64 1.0.4 147.00 OK
r-release-macos-x86_64 1.0.4 244.00 OK
r-release-windows-x86_64 1.0.4 40.00 229.00 269.00 OK
r-oldrel-macos-arm64 1.0.4 100.00 OK
r-oldrel-macos-x86_64 1.0.4 182.00 OK
r-oldrel-windows-x86_64 1.0.4 55.00 293.00 348.00 OK

Check Details

Version: 1.0.4
Check: CRAN incoming feasibility
Result: NOTE Maintainer: ‘Simon Moulds <sim.moulds@gmail.com>’ No Authors@R field in DESCRIPTION. Please add one, modifying Authors@R: person(given = "Simon", family = "Moulds", role = c("aut", "cre"), email = "sim.moulds@gmail.com") as necessary. Flavors: r-devel-linux-x86_64-debian-clang, r-devel-linux-x86_64-debian-gcc

These binaries (installable software) and packages are in development.
They may not be fully stable and should be used with caution. We make no claims about them.