CRAN Package Check Results for Package lutz

Last updated on 2025-07-23 11:50:26 CEST.

Flavor Version Tinstall Tcheck Ttotal Status Flags
r-devel-linux-x86_64-debian-clang 0.3.2 18.06 74.13 92.19 OK
r-devel-linux-x86_64-debian-gcc 0.3.2 14.96 56.38 71.34 OK
r-devel-linux-x86_64-fedora-clang 0.3.2 147.94 OK
r-devel-linux-x86_64-fedora-gcc 0.3.2 146.94 OK
r-devel-windows-x86_64 0.3.2 23.00 118.00 141.00 OK
r-patched-linux-x86_64 0.3.2 16.85 72.29 89.14 OK
r-release-linux-x86_64 0.3.2 17.06 72.82 89.88 OK
r-release-macos-arm64 0.3.2 63.00 OK
r-release-macos-x86_64 0.3.2 137.00 OK
r-release-windows-x86_64 0.3.2 26.00 117.00 143.00 OK
r-oldrel-macos-arm64 0.3.2 52.00 NOTE
r-oldrel-macos-x86_64 0.3.2 86.00 NOTE
r-oldrel-windows-x86_64 0.3.2 28.00 141.00 169.00 NOTE

Check Details

Version: 0.3.2
Check: installed package size
Result: NOTE installed size is 6.0Mb sub-directories of 1Mb or more: R 5.0Mb Flavors: r-oldrel-macos-arm64, r-oldrel-macos-x86_64, r-oldrel-windows-x86_64

These binaries (installable software) and packages are in development.
They may not be fully stable and should be used with caution. We make no claims about them.