Last updated on 2025-05-21 21:49:21 CEST.
Flavor | Version | Tinstall | Tcheck | Ttotal | Status | Flags |
---|---|---|---|---|---|---|
r-devel-linux-x86_64-debian-clang | 0.3.2 | 18.23 | 73.40 | 91.63 | OK | |
r-devel-linux-x86_64-debian-gcc | 0.3.2 | 14.86 | 55.45 | 70.31 | OK | |
r-devel-linux-x86_64-fedora-clang | 0.3.2 | 154.60 | OK | |||
r-devel-linux-x86_64-fedora-gcc | 0.3.2 | 153.10 | OK | |||
r-devel-windows-x86_64 | 0.3.2 | 23.00 | 170.00 | 193.00 | OK | |
r-patched-linux-x86_64 | 0.3.2 | 18.70 | 71.96 | 90.66 | OK | |
r-release-linux-x86_64 | 0.3.2 | 17.31 | 72.75 | 90.06 | OK | |
r-release-macos-arm64 | 0.3.2 | 63.00 | OK | |||
r-release-macos-x86_64 | 0.3.2 | 137.00 | OK | |||
r-release-windows-x86_64 | 0.3.2 | 25.00 | 115.00 | 140.00 | OK | |
r-oldrel-macos-arm64 | 0.3.2 | 52.00 | NOTE | |||
r-oldrel-macos-x86_64 | 0.3.2 | 86.00 | NOTE | |||
r-oldrel-windows-x86_64 | 0.3.2 | 27.00 | 140.00 | 167.00 | NOTE |
Version: 0.3.2
Check: installed package size
Result: NOTE
installed size is 6.0Mb
sub-directories of 1Mb or more:
R 5.0Mb
Flavors: r-oldrel-macos-arm64, r-oldrel-macos-x86_64, r-oldrel-windows-x86_64
These binaries (installable software) and packages are in development.
They may not be fully stable and should be used with caution. We make no claims about them.