Last updated on 2025-02-02 14:48:26 CET.
Flavor | Version | Tinstall | Tcheck | Ttotal | Status | Flags |
---|---|---|---|---|---|---|
r-devel-linux-x86_64-debian-clang | 0.4.0 | 12.08 | 78.29 | 90.37 | NOTE | |
r-devel-linux-x86_64-debian-gcc | 0.4.0 | 7.52 | 60.83 | 68.35 | NOTE | |
r-devel-linux-x86_64-fedora-clang | 0.4.0 | 166.92 | OK | |||
r-devel-linux-x86_64-fedora-gcc | 0.4.0 | 165.53 | OK | |||
r-devel-windows-x86_64 | 0.4.0 | 13.00 | 101.00 | 114.00 | NOTE | |
r-patched-linux-x86_64 | 0.4.0 | 17.70 | 78.71 | 96.41 | OK | |
r-release-linux-x86_64 | 0.4.0 | 12.84 | 78.30 | 91.14 | OK | |
r-release-macos-arm64 | 0.4.0 | 47.00 | OK | |||
r-release-macos-x86_64 | 0.4.0 | 91.00 | OK | |||
r-release-windows-x86_64 | 0.4.0 | 16.00 | 103.00 | 119.00 | OK | |
r-oldrel-macos-arm64 | 0.4.0 | 54.00 | OK | |||
r-oldrel-macos-x86_64 | 0.4.0 | 95.00 | OK | |||
r-oldrel-windows-x86_64 | 0.4.0 | 18.00 | 114.00 | 132.00 | OK |
Version: 0.4.0
Check: Rd cross-references
Result: NOTE
Found the following Rd file(s) with Rd \link{} targets missing package
anchors:
evaluate.Rd: nn_module
fit.luz_module_generator.Rd: nn_module
luz_load_model_weights.Rd: torch_load
predict.luz_module_fitted.Rd: nn_module
Please provide package anchors for all Rd \link{} targets not in the
package itself and the base packages.
Flavors: r-devel-linux-x86_64-debian-clang, r-devel-linux-x86_64-debian-gcc, r-devel-windows-x86_64
These binaries (installable software) and packages are in development.
They may not be fully stable and should be used with caution. We make no claims about them.