Last updated on 2024-07-27 15:50:24 CEST.
Flavor | Version | Tinstall | Tcheck | Ttotal | Status | Flags |
---|---|---|---|---|---|---|
r-devel-linux-x86_64-debian-clang | 0.4.0 | 13.30 | 96.85 | 110.15 | OK | |
r-devel-linux-x86_64-debian-gcc | 0.4.0 | NOTE | ||||
r-devel-linux-x86_64-fedora-clang | 0.4.0 | 144.05 | OK | |||
r-devel-linux-x86_64-fedora-gcc | 0.4.0 | 148.65 | OK | |||
r-devel-windows-x86_64 | 0.4.0 | 15.00 | 105.00 | 120.00 | NOTE | |
r-patched-linux-x86_64 | 0.4.0 | OK | ||||
r-release-linux-x86_64 | 0.4.0 | 15.19 | 94.32 | 109.51 | OK | |
r-release-macos-arm64 | 0.4.0 | 47.00 | OK | |||
r-release-macos-x86_64 | 0.4.0 | 91.00 | OK | |||
r-release-windows-x86_64 | 0.4.0 | 14.00 | 103.00 | 117.00 | OK | |
r-oldrel-macos-arm64 | 0.4.0 | 54.00 | OK | |||
r-oldrel-macos-x86_64 | 0.4.0 | 95.00 | OK | |||
r-oldrel-windows-x86_64 | 0.4.0 | 17.00 | 114.00 | 131.00 | OK |
Version: 0.4.0
Check: Rd cross-references
Result: NOTE
Found the following Rd file(s) with Rd \link{} targets missing package
anchors:
evaluate.Rd: nn_module
fit.luz_module_generator.Rd: nn_module
luz_load_model_weights.Rd: torch_load
predict.luz_module_fitted.Rd: nn_module
Please provide package anchors for all Rd \link{} targets not in the
package itself and the base packages.
Flavors: r-devel-linux-x86_64-debian-gcc, r-devel-windows-x86_64
These binaries (installable software) and packages are in development.
They may not be fully stable and should be used with caution. We make no claims about them.