Last updated on 2025-02-16 08:50:51 CET.
Flavor | Version | Tinstall | Tcheck | Ttotal | Status | Flags |
---|---|---|---|---|---|---|
r-devel-linux-x86_64-debian-clang | 1.2 | 54.90 | 29.78 | 84.68 | NOTE | |
r-devel-linux-x86_64-debian-gcc | 1.2 | 37.20 | 22.13 | 59.33 | NOTE | |
r-devel-linux-x86_64-fedora-clang | 1.2 | 167.10 | NOTE | |||
r-devel-linux-x86_64-fedora-gcc | 1.2 | 163.12 | NOTE | |||
r-devel-macos-arm64 | 1.2 | 38.00 | NOTE | |||
r-devel-macos-x86_64 | 1.2 | 53.00 | NOTE | |||
r-devel-windows-x86_64 | 1.2 | 54.00 | 73.00 | 127.00 | NOTE | |
r-patched-linux-x86_64 | 1.2 | 47.59 | 27.68 | 75.27 | NOTE | |
r-release-linux-x86_64 | 1.2 | 53.21 | 27.72 | 80.93 | NOTE | |
r-release-macos-arm64 | 1.2 | 38.00 | NOTE | |||
r-release-macos-x86_64 | 1.2 | 43.00 | NOTE | |||
r-release-windows-x86_64 | 1.2 | 57.00 | 84.00 | 141.00 | NOTE | |
r-oldrel-macos-arm64 | 1.2 | 47.00 | NOTE | |||
r-oldrel-macos-x86_64 | 1.2 | 77.00 | NOTE | |||
r-oldrel-windows-x86_64 | 1.2 | 70.00 | 83.00 | 153.00 | NOTE |
Version: 1.2
Check: C++ specification
Result: NOTE
Specified C++11: please drop specification unless essential
Flavors: r-devel-linux-x86_64-debian-clang, r-devel-linux-x86_64-debian-gcc, r-devel-linux-x86_64-fedora-clang, r-devel-linux-x86_64-fedora-gcc, r-devel-macos-arm64, r-devel-macos-x86_64, r-devel-windows-x86_64, r-patched-linux-x86_64, r-release-linux-x86_64, r-release-macos-arm64, r-release-macos-x86_64, r-release-windows-x86_64, r-oldrel-macos-arm64, r-oldrel-macos-x86_64, r-oldrel-windows-x86_64
Version: 1.2
Check: Rd files
Result: NOTE
checkRd: (-1) StEM_pcirt.Rd:11: Lost braces; missing escapes or markup?
11 | \item{response}{N by J matrix containing {0,1,...,M-1} responses, where N is the number of respondents and J is the number of items.}
| ^
Flavors: r-devel-linux-x86_64-debian-clang, r-devel-linux-x86_64-debian-gcc, r-devel-linux-x86_64-fedora-clang, r-devel-linux-x86_64-fedora-gcc, r-devel-macos-arm64, r-devel-macos-x86_64, r-devel-windows-x86_64, r-patched-linux-x86_64, r-release-linux-x86_64, r-release-macos-arm64, r-release-macos-x86_64, r-release-windows-x86_64
These binaries (installable software) and packages are in development.
They may not be fully stable and should be used with caution. We make no claims about them.