Last updated on 2025-05-08 04:52:09 CEST.
Flavor | Version | Tinstall | Tcheck | Ttotal | Status | Flags |
---|---|---|---|---|---|---|
r-devel-linux-x86_64-debian-clang | 0.3.5 | 19.29 | 156.62 | 175.91 | NOTE | |
r-devel-linux-x86_64-debian-gcc | 0.3.5 | 14.63 | 112.36 | 126.99 | NOTE | |
r-devel-linux-x86_64-fedora-clang | 0.3.5 | 284.60 | OK | |||
r-devel-linux-x86_64-fedora-gcc | 0.3.5 | 267.50 | OK | |||
r-devel-windows-x86_64 | 0.3.5 | 19.00 | 146.00 | 165.00 | OK | |
r-patched-linux-x86_64 | 0.3.5 | 19.15 | 144.44 | 163.59 | OK | |
r-release-linux-x86_64 | 0.3.5 | 18.15 | 142.00 | 160.15 | OK | |
r-release-macos-arm64 | 0.3.5 | 67.00 | OK | |||
r-release-macos-x86_64 | 0.3.5 | 126.00 | OK | |||
r-release-windows-x86_64 | 0.3.5 | 20.00 | 148.00 | 168.00 | OK | |
r-oldrel-macos-arm64 | 0.3.5 | 67.00 | OK | |||
r-oldrel-macos-x86_64 | 0.3.5 | 107.00 | OK | |||
r-oldrel-windows-x86_64 | 0.3.5 | 27.00 | 186.00 | 213.00 | OK |
Version: 0.3.5
Check: CRAN incoming feasibility
Result: NOTE
Maintainer: ‘Sacha Epskamp <mail@sachaepskamp.com>’
No Authors@R field in DESCRIPTION.
Please add one, modifying
Authors@R: person(given = "Sacha",
family = "Epskamp",
role = c("aut", "cre"),
email = "mail@sachaepskamp.com")
as necessary.
Flavors: r-devel-linux-x86_64-debian-clang, r-devel-linux-x86_64-debian-gcc
These binaries (installable software) and packages are in development.
They may not be fully stable and should be used with caution. We make no claims about them.