CRAN Package Check Results for Package mAr

Last updated on 2025-05-21 23:48:47 CEST.

Flavor Version Tinstall Tcheck Ttotal Status Flags
r-devel-linux-x86_64-debian-clang 1.2-0 2.09 22.16 24.25 NOTE
r-devel-linux-x86_64-debian-gcc 1.2-0 1.45 18.16 19.61 NOTE
r-devel-linux-x86_64-fedora-clang 1.2-0 38.59 OK
r-devel-linux-x86_64-fedora-gcc 1.2-0 35.88 OK
r-devel-windows-x86_64 1.2-0 3.00 87.00 90.00 OK
r-patched-linux-x86_64 1.2-0 1.84 21.48 23.32 OK
r-release-linux-x86_64 1.2-0 2.06 21.57 23.63 OK
r-release-macos-arm64 1.2-0 17.00 OK
r-release-macos-x86_64 1.2-0 25.00 OK
r-release-windows-x86_64 1.2-0 5.00 55.00 60.00 OK
r-oldrel-macos-arm64 1.2-0 9.00 OK
r-oldrel-macos-x86_64 1.2-0 23.00 OK
r-oldrel-windows-x86_64 1.2-0 3.00 47.00 50.00 OK

Check Details

Version: 1.2-0
Check: CRAN incoming feasibility
Result: NOTE Maintainer: ‘S. M. Barbosa <susana.barbosa@fc.up.pt>’ No Authors@R field in DESCRIPTION. Please add one, modifying Authors@R: c(person(given = "Susana", family = "Barbosa", role = "aut"), person(given = c("S.", "M."), family = "Barbosa", role = "cre", email = "susana.barbosa@fc.up.pt")) as necessary. Flavors: r-devel-linux-x86_64-debian-clang, r-devel-linux-x86_64-debian-gcc

These binaries (installable software) and packages are in development.
They may not be fully stable and should be used with caution. We make no claims about them.