Last updated on 2025-05-07 15:49:21 CEST.
Flavor | Version | Tinstall | Tcheck | Ttotal | Status | Flags |
---|---|---|---|---|---|---|
r-devel-linux-x86_64-debian-clang | 1.2.2 | 39.45 | 150.09 | 189.54 | NOTE | |
r-devel-linux-x86_64-debian-gcc | 1.2.2 | 27.65 | 107.48 | 135.13 | NOTE | |
r-devel-linux-x86_64-fedora-clang | 1.2.2 | 315.57 | NOTE | |||
r-devel-linux-x86_64-fedora-gcc | 1.2.2 | 296.48 | NOTE | |||
r-devel-windows-x86_64 | 1.2.2 | 44.00 | 162.00 | 206.00 | NOTE | |
r-patched-linux-x86_64 | 1.2.2 | 36.59 | 137.54 | 174.13 | NOTE | |
r-release-linux-x86_64 | 1.2.2 | 37.96 | 136.81 | 174.77 | NOTE | |
r-release-macos-arm64 | 1.2.2 | 72.00 | NOTE | |||
r-release-macos-x86_64 | 1.2.2 | 169.00 | NOTE | |||
r-release-windows-x86_64 | 1.2.2 | 45.00 | 161.00 | 206.00 | NOTE | |
r-oldrel-macos-arm64 | 1.2.2 | 78.00 | NOTE | |||
r-oldrel-macos-x86_64 | 1.2.2 | 113.00 | NOTE | |||
r-oldrel-windows-x86_64 | 1.2.2 | 56.00 | 206.00 | 262.00 | NOTE |
Version: 1.2.2
Check: CRAN incoming feasibility
Result: NOTE
Maintainer: ‘Wujuan Zhong <zhongwujuan@gmail.com>’
No Authors@R field in DESCRIPTION.
Please add one, modifying
Authors@R: c(person(given = "Wujuan",
family = "Zhong",
role = c("aut", "cre"),
email = "zhongwujuan@gmail.com"),
person(given = "Li",
family = "Dong",
role = "aut"),
person(given = "Quefeng",
family = "Li",
role = "aut"),
person(given = "Xiaojing",
family = "Zheng",
role = "aut"))
as necessary.
Flavors: r-devel-linux-x86_64-debian-clang, r-devel-linux-x86_64-debian-gcc
Version: 1.2.2
Check: C++ specification
Result: NOTE
Specified C++11: please drop specification unless essential
Flavors: r-devel-linux-x86_64-debian-clang, r-devel-linux-x86_64-debian-gcc, r-devel-linux-x86_64-fedora-clang, r-devel-linux-x86_64-fedora-gcc, r-devel-windows-x86_64, r-patched-linux-x86_64, r-release-linux-x86_64, r-release-macos-arm64, r-release-macos-x86_64, r-release-windows-x86_64, r-oldrel-macos-arm64, r-oldrel-macos-x86_64, r-oldrel-windows-x86_64
These binaries (installable software) and packages are in development.
They may not be fully stable and should be used with caution. We make no claims about them.