Last updated on 2025-05-03 22:49:59 CEST.
Flavor | Version | Tinstall | Tcheck | Ttotal | Status | Flags |
---|---|---|---|---|---|---|
r-devel-linux-x86_64-debian-clang | 0.1-5 | 2.57 | 29.98 | 32.55 | NOTE | |
r-devel-linux-x86_64-debian-gcc | 0.1-5 | 1.78 | 22.37 | 24.15 | NOTE | |
r-devel-linux-x86_64-fedora-clang | 0.1-5 | 49.63 | OK | |||
r-devel-linux-x86_64-fedora-gcc | 0.1-5 | 48.68 | OK | |||
r-devel-windows-x86_64 | 0.1-5 | 3.00 | 58.00 | 61.00 | OK | |
r-patched-linux-x86_64 | 0.1-5 | 2.93 | 28.03 | 30.96 | OK | |
r-release-linux-x86_64 | OK | |||||
r-release-macos-arm64 | 0.1-5 | 20.00 | OK | |||
r-release-macos-x86_64 | 0.1-5 | 31.00 | OK | |||
r-release-windows-x86_64 | 0.1-5 | 4.00 | 51.00 | 55.00 | OK | |
r-oldrel-macos-arm64 | 0.1-5 | 25.00 | OK | |||
r-oldrel-macos-x86_64 | 0.1-5 | 29.00 | OK | |||
r-oldrel-windows-x86_64 | 0.1-5 | 6.00 | 58.00 | 64.00 | OK |
Version: 0.1-5
Check: CRAN incoming feasibility
Result: NOTE
Maintainer: ‘Mehmet Balcilar <mehmet@mbalcilar.net>’
No Authors@R field in DESCRIPTION.
Please add one, modifying
Authors@R: person(given = "Mehmet",
family = "Balcilar",
role = c("aut", "cre"),
email = "mehmet@mbalcilar.net")
as necessary.
Flavors: r-devel-linux-x86_64-debian-clang, r-devel-linux-x86_64-debian-gcc
These binaries (installable software) and packages are in development.
They may not be fully stable and should be used with caution. We make no claims about them.