Last updated on 2025-05-23 01:51:02 CEST.
Flavor | Version | Tinstall | Tcheck | Ttotal | Status | Flags |
---|---|---|---|---|---|---|
r-devel-linux-x86_64-debian-clang | 3.2.0.1 | 26.06 | 184.13 | 210.19 | OK | |
r-devel-linux-x86_64-debian-gcc | 3.2.0.1 | 17.55 | 136.51 | 154.06 | OK | |
r-devel-linux-x86_64-fedora-clang | 3.2.0.1 | 353.23 | NOTE | |||
r-devel-linux-x86_64-fedora-gcc | 3.2.0.1 | 339.29 | NOTE | |||
r-devel-windows-x86_64 | 3.2.0.1 | 25.00 | 162.00 | 187.00 | OK | |
r-patched-linux-x86_64 | 3.2.0.1 | 25.63 | 176.13 | 201.76 | OK | |
r-release-linux-x86_64 | 3.2.0.1 | 22.30 | 173.81 | 196.11 | OK | |
r-release-macos-arm64 | 3.2.0.1 | 80.00 | OK | |||
r-release-macos-x86_64 | 3.2.0.1 | 188.00 | OK | |||
r-release-windows-x86_64 | 3.2.0.1 | 26.00 | 225.00 | 251.00 | OK | |
r-oldrel-macos-arm64 | 3.2.0.1 | 94.00 | OK | |||
r-oldrel-macos-x86_64 | 3.2.0.1 | 159.00 | OK | |||
r-oldrel-windows-x86_64 | 3.2.0.1 | 33.00 | 205.00 | 238.00 | OK |
Version: 3.2.0.1
Check: dependencies in R code
Result: NOTE
Namespaces in Imports field not imported from:
‘ActCR’ ‘ActFrag’ ‘tidyr’
All declared Imports should be used.
Flavors: r-devel-linux-x86_64-fedora-clang, r-devel-linux-x86_64-fedora-gcc
These binaries (installable software) and packages are in development.
They may not be fully stable and should be used with caution. We make no claims about them.