Last updated on 2025-02-16 08:50:54 CET.
Flavor | Version | Tinstall | Tcheck | Ttotal | Status | Flags |
---|---|---|---|---|---|---|
r-devel-linux-x86_64-debian-clang | 2.9.4.0 | 24.94 | 177.69 | 202.63 | OK | |
r-devel-linux-x86_64-debian-gcc | 2.9.4.0 | 19.43 | 126.06 | 145.49 | OK | |
r-devel-linux-x86_64-fedora-clang | 2.9.4.0 | 338.10 | NOTE | |||
r-devel-linux-x86_64-fedora-gcc | 2.9.4.0 | 318.03 | NOTE | |||
r-devel-macos-arm64 | 2.9.4.0 | 101.00 | OK | |||
r-devel-macos-x86_64 | 2.9.4.0 | 185.00 | OK | |||
r-devel-windows-x86_64 | 2.9.4.0 | 24.00 | 164.00 | 188.00 | OK | |
r-patched-linux-x86_64 | 2.9.4.0 | 24.07 | 165.78 | 189.85 | OK | |
r-release-linux-x86_64 | 2.9.4.0 | 22.86 | 167.97 | 190.83 | OK | |
r-release-macos-arm64 | 2.9.4.0 | 97.00 | OK | |||
r-release-macos-x86_64 | 2.9.4.0 | 215.00 | OK | |||
r-release-windows-x86_64 | 2.9.4.0 | 25.00 | 157.00 | 182.00 | OK | |
r-oldrel-macos-arm64 | 2.9.4.0 | 168.00 | OK | |||
r-oldrel-macos-x86_64 | 2.9.4.0 | 195.00 | OK | |||
r-oldrel-windows-x86_64 | 2.9.4.0 | 29.00 | 191.00 | 220.00 | OK |
Version: 2.9.4.0
Check: dependencies in R code
Result: NOTE
Namespaces in Imports field not imported from:
‘ActCR’ ‘ActFrag’ ‘tidyr’
All declared Imports should be used.
Flavors: r-devel-linux-x86_64-fedora-clang, r-devel-linux-x86_64-fedora-gcc
These binaries (installable software) and packages are in development.
They may not be fully stable and should be used with caution. We make no claims about them.