CRAN Package Check Results for Package mMARCH.AC

Last updated on 2025-07-17 11:50:39 CEST.

Flavor Version Tinstall Tcheck Ttotal Status Flags
r-devel-linux-x86_64-debian-clang 3.2.0.1 27.12 186.73 213.85 OK
r-devel-linux-x86_64-debian-gcc 3.2.0.1 17.62 134.54 152.16 OK
r-devel-linux-x86_64-fedora-clang 3.2.0.1 328.30 NOTE
r-devel-linux-x86_64-fedora-gcc 3.2.0.1 320.78 NOTE
r-devel-windows-x86_64 3.2.0.1 25.00 165.00 190.00 OK
r-patched-linux-x86_64 3.2.0.1 21.31 173.48 194.79 OK
r-release-linux-x86_64 3.2.0.1 23.83 172.89 196.72 OK
r-release-macos-arm64 3.2.0.1 80.00 OK
r-release-macos-x86_64 3.2.0.1 188.00 OK
r-release-windows-x86_64 3.2.0.1 25.00 165.00 190.00 OK
r-oldrel-macos-arm64 3.2.0.1 94.00 OK
r-oldrel-macos-x86_64 3.2.0.1 159.00 OK
r-oldrel-windows-x86_64 3.2.0.1 34.00 210.00 244.00 OK

Check Details

Version: 3.2.0.1
Check: dependencies in R code
Result: NOTE Namespaces in Imports field not imported from: ‘ActCR’ ‘ActFrag’ ‘tidyr’ All declared Imports should be used. Flavors: r-devel-linux-x86_64-fedora-clang, r-devel-linux-x86_64-fedora-gcc

These binaries (installable software) and packages are in development.
They may not be fully stable and should be used with caution. We make no claims about them.