CRAN Package Check Results for Package mMPA

Last updated on 2025-02-19 16:50:56 CET.

Flavor Version Tinstall Tcheck Ttotal Status Flags
r-devel-linux-x86_64-debian-clang 1.2.0 1.57 20.95 22.52 OK
r-devel-linux-x86_64-debian-gcc 1.2.0 1.36 16.74 18.10 OK
r-devel-linux-x86_64-fedora-clang 1.2.0 36.12 OK
r-devel-linux-x86_64-fedora-gcc 1.2.0 48.44 OK
r-devel-macos-arm64 1.2.0 21.00 OK
r-devel-macos-x86_64 1.2.0 38.00 OK
r-devel-windows-x86_64 1.2.0 2.00 48.00 50.00 OK
r-patched-linux-x86_64 1.2.0 1.55 20.23 21.78 NOTE
r-release-linux-x86_64 1.2.0 1.35 20.21 21.56 NOTE
r-release-macos-arm64 1.2.0 22.00 NOTE
r-release-macos-x86_64 1.2.0 34.00 NOTE
r-release-windows-x86_64 1.2.0 2.00 45.00 47.00 NOTE
r-oldrel-macos-arm64 1.2.0 20.00 NOTE
r-oldrel-macos-x86_64 1.2.0 30.00 NOTE
r-oldrel-windows-x86_64 1.2.0 3.00 64.00 67.00 NOTE

Check Details

Version: 1.2.0
Check: LazyData
Result: NOTE 'LazyData' is specified without a 'data' directory Flavors: r-patched-linux-x86_64, r-release-linux-x86_64, r-release-macos-arm64, r-release-macos-x86_64, r-release-windows-x86_64, r-oldrel-macos-arm64, r-oldrel-macos-x86_64, r-oldrel-windows-x86_64

These binaries (installable software) and packages are in development.
They may not be fully stable and should be used with caution. We make no claims about them.