Last updated on 2025-10-30 19:53:30 CET.
| Flavor | Version | Tinstall | Tcheck | Ttotal | Status | Flags | 
|---|---|---|---|---|---|---|
| r-devel-linux-x86_64-debian-clang | 1.0-1 | 3.05 | 27.09 | 30.14 | NOTE | |
| r-devel-linux-x86_64-debian-gcc | 1.0-1 | 2.17 | 22.25 | 24.42 | NOTE | |
| r-devel-linux-x86_64-fedora-clang | 1.0-1 | 44.82 | OK | |||
| r-devel-linux-x86_64-fedora-gcc | 1.0-1 | 42.99 | OK | |||
| r-devel-windows-x86_64 | 1.0-1 | 4.00 | 60.00 | 64.00 | OK | |
| r-patched-linux-x86_64 | 1.0-1 | 3.18 | 25.83 | 29.01 | OK | |
| r-release-linux-x86_64 | 1.0-1 | 2.81 | 26.15 | 28.96 | OK | |
| r-release-macos-arm64 | 1.0-1 | 2.00 | 17.00 | 19.00 | OK | |
| r-release-macos-x86_64 | 1.0-1 | 3.00 | 27.00 | 30.00 | OK | |
| r-release-windows-x86_64 | 1.0-1 | 5.00 | 48.00 | 53.00 | OK | |
| r-oldrel-macos-arm64 | 1.0-1 | 1.00 | 17.00 | 18.00 | NOTE | |
| r-oldrel-macos-x86_64 | 1.0-1 | 2.00 | 24.00 | 26.00 | NOTE | |
| r-oldrel-windows-x86_64 | 1.0-1 | 7.00 | 54.00 | 61.00 | NOTE | 
Version: 1.0-1
Check: CRAN incoming feasibility
Result: NOTE
  Maintainer: ‘Zhibing He <zhibingh@asu.edu>’
  
  No Authors@R field in DESCRIPTION.
  Please add one, modifying
    Authors@R: c(person(given = "Zhibing",
                        family = "He",
                        role = c("aut", "cre"),
                        email = "zhibingh@asu.edu"),
                 person(given = "Dan",
                        family = "Cheng",
                        role = "aut"))
  as necessary.
  
  The Description field contains
    Schwartzman (2015) <arXiv:1504.06384>.
  Please refer to arXiv e-prints via their arXiv DOI <doi:10.48550/arXiv.YYMM.NNNNN>.
Flavors: r-devel-linux-x86_64-debian-clang, r-devel-linux-x86_64-debian-gcc
Version: 1.0-1
Check: LazyData
Result: NOTE
    'LazyData' is specified without a 'data' directory
Flavors: r-oldrel-macos-arm64, r-oldrel-macos-x86_64, r-oldrel-windows-x86_64
These binaries (installable software) and packages are in development.
They may not be fully stable and should be used with caution. We make no claims about them.