CRAN Package Check Results for Package mStats

Last updated on 2025-07-02 03:50:46 CEST.

Flavor Version Tinstall Tcheck Ttotal Status Flags
r-devel-linux-x86_64-debian-clang 3.4.0 4.63 32.25 36.88 OK
r-devel-linux-x86_64-debian-gcc 3.4.0 3.01 23.62 26.63 OK
r-devel-linux-x86_64-fedora-clang 3.4.0 55.80 NOTE
r-devel-linux-x86_64-fedora-gcc 3.4.0 52.21 NOTE
r-devel-windows-x86_64 3.4.0 5.00 89.00 94.00 OK
r-patched-linux-x86_64 OK
r-release-linux-x86_64 3.4.0 4.32 29.57 33.89 OK
r-release-macos-arm64 3.4.0 25.00 OK
r-release-macos-x86_64 3.4.0 36.00 OK
r-release-windows-x86_64 3.4.0 7.00 55.00 62.00 OK
r-oldrel-macos-arm64 3.4.0 18.00 NOTE
r-oldrel-macos-x86_64 3.4.0 27.00 NOTE
r-oldrel-windows-x86_64 3.4.0 5.00 65.00 70.00 NOTE

Check Details

Version: 3.4.0
Check: dependencies in R code
Result: NOTE Namespace in Imports field not imported from: ‘utils’ All declared Imports should be used. Flavors: r-devel-linux-x86_64-fedora-clang, r-devel-linux-x86_64-fedora-gcc

Version: 3.4.0
Check: LazyData
Result: NOTE 'LazyData' is specified without a 'data' directory Flavors: r-oldrel-macos-arm64, r-oldrel-macos-x86_64, r-oldrel-windows-x86_64

These binaries (installable software) and packages are in development.
They may not be fully stable and should be used with caution. We make no claims about them.