Last updated on 2025-05-01 22:49:46 CEST.
Flavor | Version | Tinstall | Tcheck | Ttotal | Status | Flags |
---|---|---|---|---|---|---|
r-devel-linux-x86_64-debian-clang | 0.1.1 | 8.12 | 72.10 | 80.22 | NOTE | |
r-devel-linux-x86_64-debian-gcc | 0.1.1 | 5.63 | 53.48 | 59.11 | OK | |
r-devel-linux-x86_64-fedora-clang | 0.1.1 | 120.59 | OK | |||
r-devel-linux-x86_64-fedora-gcc | 0.1.1 | 116.87 | OK | |||
r-devel-windows-x86_64 | 0.1.1 | 8.00 | 92.00 | 100.00 | OK | |
r-patched-linux-x86_64 | 0.1.1 | 7.80 | 67.65 | 75.45 | OK | |
r-release-linux-x86_64 | OK | |||||
r-release-macos-arm64 | 0.1.1 | 56.00 | OK | |||
r-release-macos-x86_64 | 0.1.1 | 75.00 | OK | |||
r-release-windows-x86_64 | 0.1.1 | 9.00 | 91.00 | 100.00 | OK | |
r-oldrel-macos-arm64 | 0.1.1 | 36.00 | OK | |||
r-oldrel-macos-x86_64 | 0.1.1 | 55.00 | OK | |||
r-oldrel-windows-x86_64 | 0.1.1 | 10.00 | 96.00 | 106.00 | OK |
Version: 0.1.1
Check: examples
Result: NOTE
Examples with CPU (user + system) or elapsed time > 5s
user system elapsed
MAC 4.138 0.007 5.8
Flavor: r-devel-linux-x86_64-debian-clang
These binaries (installable software) and packages are in development.
They may not be fully stable and should be used with caution. We make no claims about them.