Last updated on 2025-10-24 05:50:45 CEST.
| Flavor | Version | Tinstall | Tcheck | Ttotal | Status | Flags |
|---|---|---|---|---|---|---|
| r-devel-linux-x86_64-debian-clang | 0.4.0 | 38.64 | 309.82 | 348.46 | OK | |
| r-devel-linux-x86_64-debian-gcc | 0.4.0 | 25.62 | 193.50 | 219.12 | OK | |
| r-devel-linux-x86_64-fedora-clang | 0.4.0 | 95.00 | 469.41 | 564.41 | OK | |
| r-devel-linux-x86_64-fedora-gcc | 0.4.0 | 76.00 | 448.68 | 524.68 | OK | |
| r-devel-windows-x86_64 | 0.4.0 | 35.00 | 250.00 | 285.00 | OK | |
| r-patched-linux-x86_64 | 0.4.0 | 33.59 | 291.73 | 325.32 | OK | |
| r-release-linux-x86_64 | 0.4.0 | 35.52 | 291.67 | 327.19 | OK | |
| r-release-macos-arm64 | 0.4.0 | 14.00 | 104.00 | 118.00 | OK | |
| r-release-macos-x86_64 | 0.4.0 | 43.00 | 234.00 | 277.00 | OK | |
| r-release-windows-x86_64 | 0.4.0 | 35.00 | 243.00 | 278.00 | OK | |
| r-oldrel-macos-arm64 | 0.4.0 | 15.00 | 96.00 | 111.00 | NOTE | |
| r-oldrel-macos-x86_64 | 0.4.0 | 24.00 | 186.00 | 210.00 | NOTE | |
| r-oldrel-windows-x86_64 | 0.4.0 | 49.00 | 342.00 | 391.00 | NOTE |
Version: 0.4.0
Check: package dependencies
Result: NOTE
Package suggested but not available for checking: ‘rnaturalearthhires’
Flavors: r-oldrel-macos-arm64, r-oldrel-macos-x86_64, r-oldrel-windows-x86_64
These binaries (installable software) and packages are in development.
They may not be fully stable and should be used with caution. We make no claims about them.