Last updated on 2025-05-01 14:49:14 CEST.
Flavor | Version | Tinstall | Tcheck | Ttotal | Status | Flags |
---|---|---|---|---|---|---|
r-devel-linux-x86_64-debian-clang | 1.0.0 | 18.69 | 144.94 | 163.63 | NOTE | |
r-devel-linux-x86_64-debian-gcc | 1.0.0 | 16.71 | 98.13 | 114.84 | NOTE | |
r-devel-linux-x86_64-fedora-clang | 1.0.0 | 281.27 | OK | |||
r-devel-linux-x86_64-fedora-gcc | 1.0.0 | 249.51 | OK | |||
r-devel-windows-x86_64 | 1.0.0 | 21.00 | 146.00 | 167.00 | NOTE | |
r-patched-linux-x86_64 | 1.0.0 | 20.15 | 135.61 | 155.76 | NOTE | |
r-release-linux-x86_64 | NOTE | |||||
r-release-macos-arm64 | 1.0.0 | 62.00 | OK | |||
r-release-macos-x86_64 | 1.0.0 | 120.00 | OK | |||
r-release-windows-x86_64 | 1.0.0 | 20.00 | 147.00 | 167.00 | NOTE | |
r-oldrel-macos-arm64 | 1.0.0 | 63.00 | OK | |||
r-oldrel-macos-x86_64 | 1.0.0 | 118.00 | OK | |||
r-oldrel-windows-x86_64 | 1.0.0 | 27.00 | 191.00 | 218.00 | OK |
Version: 1.0.0
Check: CRAN incoming feasibility
Result: NOTE
Maintainer: ‘Nancy Cheng <Nancy.Cheng@ucsf.edu>’
No Authors@R field in DESCRIPTION.
Please add one, modifying
Authors@R: c(person(given = "Nancy",
family = "Cheng",
role = c("aut", "cre"),
email = "nancy.cheng@ucsf.edu"),
person(given = "Zijian",
family = "Guo",
role = "aut"),
person(given = "Jing",
family = "Cheng",
role = "aut"))
as necessary.
Flavors: r-devel-linux-x86_64-debian-clang, r-devel-linux-x86_64-debian-gcc
Version: 1.0.0
Check: Rd cross-references
Result: NOTE
Found the following Rd file(s) with Rd \link{} targets missing package
anchors:
mediate_iv.Rd: el.test, BBoptim, spg
mediate_zi.Rd: survreg, Surv, mgcv, s, summary.mediate, plot.mediate
mediate_zi_vcoef.Rd: summary.mediate, plot.mediate
Please provide package anchors for all Rd \link{} targets not in the
package itself and the base packages.
Flavors: r-devel-linux-x86_64-debian-clang, r-devel-linux-x86_64-debian-gcc, r-devel-windows-x86_64, r-patched-linux-x86_64, r-release-linux-x86_64, r-release-windows-x86_64
Version: 1.0.0
Check: examples
Result: NOTE
Examples with CPU (user + system) or elapsed time > 5s
user system elapsed
mediate_zi 5.162 0.058 6.558
mediate_iv 4.544 0.045 5.176
Flavor: r-devel-linux-x86_64-debian-clang
These binaries (installable software) and packages are in development.
They may not be fully stable and should be used with caution. We make no claims about them.