CRAN Package Check Results for Package madgrad

Last updated on 2025-05-21 23:48:47 CEST.

Flavor Version Tinstall Tcheck Ttotal Status Flags
r-devel-linux-x86_64-debian-clang 0.1.0 5.80 42.00 47.80 NOTE
r-devel-linux-x86_64-debian-gcc 0.1.0 3.77 33.33 37.10 NOTE
r-devel-linux-x86_64-fedora-clang 0.1.0 76.52 NOTE
r-devel-linux-x86_64-fedora-gcc 0.1.0 73.67 NOTE
r-devel-windows-x86_64 0.1.0 7.00 98.00 105.00 OK
r-patched-linux-x86_64 0.1.0 6.62 39.92 46.54 OK
r-release-linux-x86_64 0.1.0 5.42 40.27 45.69 OK
r-release-macos-arm64 0.1.0 37.00 OK
r-release-macos-x86_64 0.1.0 52.00 OK
r-release-windows-x86_64 0.1.0 9.00 65.00 74.00 OK
r-oldrel-macos-arm64 0.1.0 22.00 OK
r-oldrel-macos-x86_64 0.1.0 37.00 OK
r-oldrel-windows-x86_64 0.1.0 10.00 66.00 76.00 OK

Check Details

Version: 0.1.0
Check: CRAN incoming feasibility
Result: NOTE Maintainer: ‘Daniel Falbel <daniel@rstudio.com>’ The Description field contains (2020) <arxiv:2101.11075>. Please refer to arXiv e-prints via their arXiv DOI <doi:10.48550/arXiv.YYMM.NNNNN>. Flavors: r-devel-linux-x86_64-debian-clang, r-devel-linux-x86_64-debian-gcc

Version: 0.1.0
Check: dependencies in R code
Result: NOTE Namespaces in Imports field not imported from: ‘rlang’ ‘torch’ All declared Imports should be used. Flavors: r-devel-linux-x86_64-fedora-clang, r-devel-linux-x86_64-fedora-gcc

These binaries (installable software) and packages are in development.
They may not be fully stable and should be used with caution. We make no claims about them.