Last updated on 2025-11-11 15:50:38 CET.
| Flavor | Version | Tinstall | Tcheck | Ttotal | Status | Flags |
|---|---|---|---|---|---|---|
| r-devel-linux-x86_64-debian-clang | 1.2.1 | 1.49 | 22.23 | 23.72 | NOTE | |
| r-devel-linux-x86_64-debian-gcc | 1.2.1 | 1.19 | 18.01 | 19.20 | NOTE | |
| r-devel-linux-x86_64-fedora-clang | 1.2.1 | 34.85 | OK | |||
| r-devel-linux-x86_64-fedora-gcc | 1.2.1 | 33.19 | OK | |||
| r-devel-windows-x86_64 | 1.2.1 | 3.00 | 35.00 | 38.00 | OK | |
| r-patched-linux-x86_64 | 1.2.1 | 1.64 | 21.12 | 22.76 | OK | |
| r-release-linux-x86_64 | 1.2.1 | 1.62 | 20.90 | 22.52 | OK | |
| r-release-macos-arm64 | 1.2.1 | 1.00 | 15.00 | 16.00 | OK | |
| r-release-macos-x86_64 | 1.2.1 | 2.00 | 22.00 | 24.00 | OK | |
| r-release-windows-x86_64 | 1.2.1 | 2.00 | 37.00 | 39.00 | OK | |
| r-oldrel-macos-arm64 | 1.2.1 | 1.00 | 14.00 | 15.00 | OK | |
| r-oldrel-macos-x86_64 | 1.2.1 | 1.00 | 20.00 | 21.00 | OK | |
| r-oldrel-windows-x86_64 | 1.2.1 | 2.00 | 39.00 | 41.00 | OK |
Version: 1.2.1
Check: CRAN incoming feasibility
Result: NOTE
Maintainer: ‘Doulaye Dembele <doulaye@igbmc.fr>’
No Authors@R field in DESCRIPTION.
Please add one, modifying
Authors@R: person(given = "Doulaye",
family = "Dembele",
role = c("aut", "cre"),
email = "doulaye@igbmc.fr")
as necessary.
Flavors: r-devel-linux-x86_64-debian-clang, r-devel-linux-x86_64-debian-gcc
These binaries (installable software) and packages are in development.
They may not be fully stable and should be used with caution. We make no claims about them.