CRAN Package Check Results for Package mafR

Last updated on 2025-10-23 23:49:35 CEST.

Flavor Version Tinstall Tcheck Ttotal Status Flags
r-devel-linux-x86_64-debian-clang 1.1.6 1.69 22.28 23.97 NOTE
r-devel-linux-x86_64-debian-gcc 1.1.6 1.44 18.36 19.80 OK
r-devel-linux-x86_64-fedora-clang 1.1.6 37.24 OK
r-devel-linux-x86_64-fedora-gcc 1.1.6 35.84 OK
r-devel-windows-x86_64 1.1.6 3.00 42.00 45.00 OK
r-patched-linux-x86_64 1.1.6 1.77 20.96 22.73 OK
r-release-linux-x86_64 1.1.6 1.45 21.19 22.64 OK
r-release-macos-arm64 1.1.6 2.00 36.00 38.00 OK
r-release-macos-x86_64 1.1.6 2.00 24.00 26.00 OK
r-release-windows-x86_64 1.1.6 3.00 43.00 46.00 OK
r-oldrel-macos-arm64 1.1.6 1.00 16.00 17.00 OK
r-oldrel-macos-x86_64 1.1.6 1.00 22.00 23.00 OK
r-oldrel-windows-x86_64 1.1.6 3.00 57.00 60.00 OK

Check Details

Version: 1.1.6
Check: top-level files
Result: NOTE Found the following validation problem for the NEWS.Rd HTML conversion: NEWS.html:40:1 (inst/NEWS.Rd:11): Warning: missing </ul> before </div> Flavor: r-devel-linux-x86_64-debian-clang

These binaries (installable software) and packages are in development.
They may not be fully stable and should be used with caution. We make no claims about them.