Last updated on 2025-02-16 08:50:51 CET.
Flavor | Version | Tinstall | Tcheck | Ttotal | Status | Flags |
---|---|---|---|---|---|---|
r-devel-linux-x86_64-debian-clang | 6.13.2 | 10.45 | 123.36 | 133.81 | OK | |
r-devel-linux-x86_64-debian-gcc | 6.13.2 | 6.73 | 81.69 | 88.42 | OK | |
r-devel-linux-x86_64-fedora-clang | 6.13.2 | 230.16 | OK | |||
r-devel-linux-x86_64-fedora-gcc | 6.13.2 | 213.71 | OK | |||
r-devel-macos-arm64 | 6.13.2 | 60.00 | OK | |||
r-devel-macos-x86_64 | 6.13.2 | 122.00 | OK | |||
r-devel-windows-x86_64 | 6.13.2 | 12.00 | 150.00 | 162.00 | OK | |
r-patched-linux-x86_64 | 6.13.2 | 10.41 | 110.26 | 120.67 | NOTE | |
r-release-linux-x86_64 | 6.13.2 | 8.21 | 111.78 | 119.99 | NOTE | |
r-release-macos-arm64 | 6.13.2 | 58.00 | NOTE | |||
r-release-macos-x86_64 | 6.13.2 | 95.00 | NOTE | |||
r-release-windows-x86_64 | 6.13.2 | 11.00 | 134.00 | 145.00 | NOTE | |
r-oldrel-macos-arm64 | 6.13.2 | 69.00 | NOTE | |||
r-oldrel-macos-x86_64 | 6.13.2 | 202.00 | NOTE | |||
r-oldrel-windows-x86_64 | 6.13.2 | 13.00 | 172.00 | 185.00 | NOTE |
Version: 6.13.2
Check: package dependencies
Result: NOTE
Packages suggested but not available for checking: 'lpjmlkit', 'quitte'
Flavors: r-patched-linux-x86_64, r-release-linux-x86_64, r-release-macos-arm64, r-release-macos-x86_64, r-oldrel-windows-x86_64
Version: 6.13.2
Check: package dependencies
Result: NOTE
Package suggested but not available for checking: 'quitte'
Flavors: r-release-windows-x86_64, r-oldrel-macos-arm64, r-oldrel-macos-x86_64
These binaries (installable software) and packages are in development.
They may not be fully stable and should be used with caution. We make no claims about them.