Last updated on 2024-07-27 15:50:24 CEST.
Flavor | Version | Tinstall | Tcheck | Ttotal | Status | Flags |
---|---|---|---|---|---|---|
r-devel-linux-x86_64-debian-clang | 6.13.2 | 10.93 | 154.21 | 165.14 | NOTE | |
r-devel-linux-x86_64-debian-gcc | 6.13.2 | NOTE | ||||
r-devel-linux-x86_64-fedora-clang | 6.13.2 | 209.42 | NOTE | |||
r-devel-linux-x86_64-fedora-gcc | 6.13.2 | 207.17 | NOTE | |||
r-devel-windows-x86_64 | 6.13.2 | 12.00 | 150.00 | 162.00 | NOTE | |
r-patched-linux-x86_64 | 6.13.2 | NOTE | ||||
r-release-linux-x86_64 | 6.13.2 | 10.07 | 143.22 | 153.29 | NOTE | |
r-release-macos-arm64 | 6.13.2 | 58.00 | NOTE | |||
r-release-macos-x86_64 | 6.13.2 | 95.00 | NOTE | |||
r-release-windows-x86_64 | 6.13.2 | 10.00 | 143.00 | 153.00 | NOTE | |
r-oldrel-macos-arm64 | 6.13.2 | 69.00 | NOTE | |||
r-oldrel-macos-x86_64 | 6.13.2 | 202.00 | NOTE | |||
r-oldrel-windows-x86_64 | 6.13.2 | 11.00 | 162.00 | 173.00 | NOTE |
Version: 6.13.2
Check: package dependencies
Result: NOTE
Packages suggested but not available for checking: 'lpjmlkit', 'quitte'
Flavors: r-devel-linux-x86_64-debian-clang, r-devel-linux-x86_64-debian-gcc, r-devel-linux-x86_64-fedora-clang, r-devel-linux-x86_64-fedora-gcc, r-patched-linux-x86_64, r-release-linux-x86_64, r-release-macos-arm64, r-release-macos-x86_64, r-oldrel-windows-x86_64
Version: 6.13.2
Check: Rd cross-references
Result: NOTE
Undeclared packages ‘rlang’, ‘vctrs’ in Rd xrefs
Flavor: r-devel-linux-x86_64-fedora-clang
Version: 6.13.2
Check: package dependencies
Result: NOTE
Package suggested but not available for checking: 'quitte'
Flavors: r-devel-windows-x86_64, r-release-windows-x86_64, r-oldrel-macos-arm64, r-oldrel-macos-x86_64
These binaries (installable software) and packages are in development.
They may not be fully stable and should be used with caution. We make no claims about them.