Last updated on 2024-07-27 15:50:24 CEST.
Flavor | Version | Tinstall | Tcheck | Ttotal | Status | Flags |
---|---|---|---|---|---|---|
r-devel-linux-x86_64-debian-clang | 1.2.4 | 315.77 | 146.88 | 462.65 | OK | |
r-devel-linux-x86_64-debian-gcc | 1.2.4 | OK | ||||
r-devel-linux-x86_64-fedora-clang | 1.2.4 | 761.63 | OK | |||
r-devel-linux-x86_64-fedora-gcc | 1.2.4 | 729.93 | OK | |||
r-devel-windows-x86_64 | 1.2.4 | 252.00 | 165.00 | 417.00 | OK | |
r-patched-linux-x86_64 | 1.2.4 | OK | ||||
r-release-linux-x86_64 | 1.2.4 | 269.61 | 141.31 | 410.92 | OK | |
r-release-macos-arm64 | 1.2.4 | 159.00 | NOTE | |||
r-release-macos-x86_64 | 1.2.4 | 269.00 | NOTE | |||
r-release-windows-x86_64 | 1.2.4 | 296.00 | 174.00 | 470.00 | OK | |
r-oldrel-macos-arm64 | 1.2.4 | 1252.00 | NOTE | |||
r-oldrel-macos-x86_64 | 1.2.4 | 1803.00 | ERROR | |||
r-oldrel-windows-x86_64 | 1.2.4 | 284.00 | 188.00 | 472.00 | OK |
Version: 1.2.4
Check: installed package size
Result: NOTE
installed size is 24.2Mb
sub-directories of 1Mb or more:
libs 22.8Mb
Flavors: r-release-macos-arm64, r-release-macos-x86_64, r-oldrel-macos-arm64, r-oldrel-macos-x86_64
Version: 1.2.4
Check: running R code from vignettes
Result: ERROR
Errors in running code in vignettes:
when running code in ‘magi-vignette.Rmd’
...
warning: inv_sympd(): given matrix is not symmetric
warning: inv_sympd(): given matrix is not symmetric
warning: inv_sympd(): given matrix is not symmetric
Execution halted
... incomplete output. Crash?
‘magi-vignette.Rmd’ using ‘UTF-8’... failed to complete the test
* checking re-building of vignette outputs ...* using check arguments '--no-clean-on-error '
Flavor: r-oldrel-macos-x86_64
These binaries (installable software) and packages are in development.
They may not be fully stable and should be used with caution. We make no claims about them.